Last updated on 2022-08-15 08:49:56 CEST.
Flavor | Version | Tinstall | Tcheck | Ttotal | Status | Flags |
---|---|---|---|---|---|---|
r-devel-linux-x86_64-debian-clang | 0.1.5 | 3.29 | 39.23 | 42.52 | NOTE | |
r-devel-linux-x86_64-debian-gcc | 0.1.5 | 2.83 | 30.59 | 33.42 | NOTE | |
r-devel-linux-x86_64-fedora-clang | 0.1.5 | 62.74 | NOTE | |||
r-devel-linux-x86_64-fedora-gcc | 0.1.5 | 60.70 | NOTE | |||
r-devel-windows-x86_64 | 0.1.5 | 11.00 | 65.00 | 76.00 | NOTE | |
r-patched-linux-x86_64 | 0.1.5 | 3.64 | 38.75 | 42.39 | NOTE | |
r-release-linux-x86_64 | 0.1.5 | 3.59 | 38.14 | 41.73 | NOTE | |
r-release-macos-arm64 | 0.1.5 | 21.00 | NOTE | |||
r-release-macos-x86_64 | 0.1.5 | 30.00 | NOTE | |||
r-release-windows-x86_64 | 0.1.5 | 6.00 | 73.00 | 79.00 | NOTE | |
r-oldrel-macos-arm64 | 0.1.5 | 24.00 | NOTE | |||
r-oldrel-macos-x86_64 | 0.1.5 | 37.00 | NOTE | |||
r-oldrel-windows-ix86+x86_64 | 0.1.5 | 11.00 | 59.00 | 70.00 | NOTE |
Version: 0.1.5
Check: LazyData
Result: NOTE
'LazyData' is specified without a 'data' directory
Flavors: r-devel-linux-x86_64-debian-clang, r-devel-linux-x86_64-debian-gcc, r-devel-linux-x86_64-fedora-clang, r-devel-linux-x86_64-fedora-gcc, r-devel-windows-x86_64, r-patched-linux-x86_64, r-release-linux-x86_64, r-release-macos-arm64, r-release-macos-x86_64, r-release-windows-x86_64, r-oldrel-macos-arm64, r-oldrel-macos-x86_64, r-oldrel-windows-ix86+x86_64