Last updated on 2022-08-15 08:49:56 CEST.
Flavor | Version | Tinstall | Tcheck | Ttotal | Status | Flags |
---|---|---|---|---|---|---|
r-devel-linux-x86_64-debian-clang | 0.1.1 | 2.07 | 20.70 | 22.77 | NOTE | |
r-devel-linux-x86_64-debian-gcc | 0.1.1 | 1.70 | 16.45 | 18.15 | NOTE | |
r-devel-linux-x86_64-fedora-clang | 0.1.1 | 39.12 | NOTE | |||
r-devel-linux-x86_64-fedora-gcc | 0.1.1 | 37.75 | NOTE | |||
r-devel-windows-x86_64 | 0.1.1 | 15.00 | 44.00 | 59.00 | NOTE | |
r-patched-linux-x86_64 | 0.1.1 | 2.14 | 20.54 | 22.68 | NOTE | |
r-release-linux-x86_64 | 0.1.1 | 1.79 | 20.41 | 22.20 | NOTE | |
r-release-macos-arm64 | 0.1.1 | 15.00 | NOTE | |||
r-release-macos-x86_64 | 0.1.1 | 20.00 | NOTE | |||
r-release-windows-x86_64 | 0.1.1 | 13.00 | 44.00 | 57.00 | NOTE | |
r-oldrel-macos-arm64 | 0.1.1 | 17.00 | NOTE | |||
r-oldrel-macos-x86_64 | 0.1.1 | 24.00 | NOTE | |||
r-oldrel-windows-ix86+x86_64 | 0.1.1 | 7.00 | 34.00 | 41.00 | NOTE |
Version: 0.1.1
Check: LazyData
Result: NOTE
'LazyData' is specified without a 'data' directory
Flavors: r-devel-linux-x86_64-debian-clang, r-devel-linux-x86_64-debian-gcc, r-devel-linux-x86_64-fedora-clang, r-devel-linux-x86_64-fedora-gcc, r-devel-windows-x86_64, r-patched-linux-x86_64, r-release-linux-x86_64, r-release-macos-arm64, r-release-macos-x86_64, r-release-windows-x86_64, r-oldrel-macos-arm64, r-oldrel-macos-x86_64, r-oldrel-windows-ix86+x86_64