Last updated on 2022-08-15 08:49:56 CEST.
Flavor | Version | Tinstall | Tcheck | Ttotal | Status | Flags |
---|---|---|---|---|---|---|
r-devel-linux-x86_64-debian-clang | 0.3.4 | 42.13 | 74.51 | 116.64 | OK | |
r-devel-linux-x86_64-debian-gcc | 0.3.4 | 37.05 | 56.91 | 93.96 | OK | |
r-devel-linux-x86_64-fedora-clang | 0.3.4 | 161.81 | NOTE | |||
r-devel-linux-x86_64-fedora-gcc | 0.3.4 | 157.98 | OK | |||
r-devel-windows-x86_64 | 0.3.4 | 48.00 | 91.00 | 139.00 | NOTE | |
r-patched-linux-x86_64 | 0.3.4 | 42.60 | 71.32 | 113.92 | OK | |
r-release-linux-x86_64 | 0.3.4 | 40.72 | 69.92 | 110.64 | OK | |
r-release-macos-arm64 | 0.3.4 | 61.00 | NOTE | |||
r-release-macos-x86_64 | 0.3.4 | 92.00 | NOTE | |||
r-release-windows-x86_64 | 0.3.4 | 46.00 | 91.00 | 137.00 | NOTE | |
r-oldrel-macos-arm64 | 0.3.4 | 75.00 | NOTE | |||
r-oldrel-macos-x86_64 | 0.3.4 | 100.00 | NOTE | |||
r-oldrel-windows-ix86+x86_64 | 0.3.4 | 71.00 | 88.00 | 159.00 | NOTE |
Version: 0.3.4
Check: installed package size
Result: NOTE
installed size is 7.2Mb
sub-directories of 1Mb or more:
R 7.0Mb
Flavors: r-devel-linux-x86_64-fedora-clang, r-devel-windows-x86_64, r-release-macos-arm64, r-release-macos-x86_64, r-release-windows-x86_64, r-oldrel-macos-arm64, r-oldrel-macos-x86_64, r-oldrel-windows-ix86+x86_64