Last updated on 2022-08-15 08:49:56 CEST.
Flavor | Version | Tinstall | Tcheck | Ttotal | Status | Flags |
---|---|---|---|---|---|---|
r-devel-linux-x86_64-debian-clang | 0.1.3 | 26.84 | 65.22 | 92.06 | OK | |
r-devel-linux-x86_64-debian-gcc | 0.1.3 | 19.41 | 48.18 | 67.59 | OK | |
r-devel-linux-x86_64-fedora-clang | 0.1.3 | 128.17 | NOTE | |||
r-devel-linux-x86_64-fedora-gcc | 0.1.3 | 120.83 | NOTE | |||
r-devel-windows-x86_64 | 0.1.3 | 39.00 | 105.00 | 144.00 | OK | |
r-patched-linux-x86_64 | 0.1.3 | 22.21 | 62.74 | 84.95 | OK | |
r-release-linux-x86_64 | 0.1.3 | 21.36 | 62.61 | 83.97 | OK | |
r-release-macos-arm64 | 0.1.3 | 33.00 | NOTE | |||
r-release-macos-x86_64 | 0.1.3 | 63.00 | NOTE | |||
r-release-windows-x86_64 | 0.1.3 | 34.00 | 110.00 | 144.00 | OK | |
r-oldrel-macos-arm64 | 0.1.3 | 41.00 | NOTE | |||
r-oldrel-macos-x86_64 | 0.1.3 | 63.00 | NOTE | |||
r-oldrel-windows-ix86+x86_64 | 0.1.3 | 64.00 | 120.00 | 184.00 | OK |
Version: 0.1.3
Check: dependencies in R code
Result: NOTE
Namespaces in Imports field not imported from:
‘kableExtra’ ‘knitr’ ‘rmarkdown’
All declared Imports should be used.
Flavors: r-devel-linux-x86_64-fedora-clang, r-devel-linux-x86_64-fedora-gcc, r-release-macos-arm64, r-release-macos-x86_64, r-oldrel-macos-arm64, r-oldrel-macos-x86_64