Last updated on 2022-08-15 08:49:56 CEST.
Flavor | Version | Tinstall | Tcheck | Ttotal | Status | Flags |
---|---|---|---|---|---|---|
r-devel-linux-x86_64-debian-clang | 0.1.1 | 49.13 | 31.05 | 80.18 | OK | |
r-devel-linux-x86_64-debian-gcc | 0.1.1 | 44.58 | 24.03 | 68.61 | OK | |
r-devel-linux-x86_64-fedora-clang | 0.1.1 | 122.90 | OK | |||
r-devel-linux-x86_64-fedora-gcc | 0.1.1 | 121.81 | OK | |||
r-devel-windows-x86_64 | 0.1.1 | 244.00 | 79.00 | 323.00 | OK | |
r-patched-linux-x86_64 | 0.1.1 | 46.01 | 29.59 | 75.60 | OK | |
r-release-linux-x86_64 | 0.1.1 | 47.87 | 29.73 | 77.60 | OK | |
r-release-macos-arm64 | 0.1.1 | 31.00 | NOTE | |||
r-release-macos-x86_64 | 0.1.1 | 44.00 | NOTE | |||
r-release-windows-x86_64 | 0.1.1 | 192.00 | 83.00 | 275.00 | OK | |
r-oldrel-macos-arm64 | 0.1.1 | 32.00 | NOTE | |||
r-oldrel-macos-x86_64 | 0.1.1 | 46.00 | NOTE | |||
r-oldrel-windows-ix86+x86_64 | 0.1.1 | 29.00 | 9.00 | 38.00 | ERROR |
Version: 0.1.1
Check: installed package size
Result: NOTE
installed size is 6.3Mb
sub-directories of 1Mb or more:
libs 6.3Mb
Flavors: r-release-macos-arm64, r-release-macos-x86_64, r-oldrel-macos-arm64, r-oldrel-macos-x86_64
Version: 0.1.1
Check: whether package can be installed
Result: ERROR
Installation failed.
Flavor: r-oldrel-windows-ix86+x86_64