Last updated on 2022-08-15 08:49:56 CEST.
Flavor | Version | Tinstall | Tcheck | Ttotal | Status | Flags |
---|---|---|---|---|---|---|
r-devel-linux-x86_64-debian-clang | 1.9.6 | 19.94 | 129.21 | 149.15 | NOTE | |
r-devel-linux-x86_64-debian-gcc | 1.9.6 | 18.29 | 95.99 | 114.28 | NOTE | |
r-devel-linux-x86_64-fedora-clang | 1.9.6 | 191.27 | NOTE | |||
r-devel-linux-x86_64-fedora-gcc | 1.9.6 | 203.57 | NOTE | |||
r-devel-windows-x86_64 | 1.9.6 | 40.00 | 142.00 | 182.00 | NOTE | |
r-patched-linux-x86_64 | 1.9.6 | 24.74 | 123.76 | 148.50 | OK | |
r-release-linux-x86_64 | 1.9.6 | 22.79 | 122.40 | 145.19 | OK | |
r-release-macos-arm64 | 1.9.6 | 47.00 | OK | |||
r-release-macos-x86_64 | 1.9.6 | 69.00 | OK | |||
r-release-windows-x86_64 | 1.9.6 | 32.00 | 143.00 | 175.00 | OK | |
r-oldrel-macos-arm64 | 1.9.6 | 55.00 | OK | |||
r-oldrel-macos-x86_64 | 1.9.6 | 97.00 | OK | |||
r-oldrel-windows-ix86+x86_64 | 1.9.6 | 43.00 | 176.00 | 219.00 | OK |
Version: 1.9.6
Check: Rd files
Result: NOTE
checkRd: (-1) write.AFNI.Rd:16: Escaped LaTeX specials: \_
checkRd: (-1) write.AFNI.Rd:17: Escaped LaTeX specials: \_
checkRd: (-1) write.AFNI.Rd:20: Escaped LaTeX specials: \_
checkRd: (-1) write.AFNI.Rd:22: Escaped LaTeX specials: \_
Flavors: r-devel-linux-x86_64-debian-clang, r-devel-linux-x86_64-debian-gcc, r-devel-linux-x86_64-fedora-clang, r-devel-linux-x86_64-fedora-gcc, r-devel-windows-x86_64