Last updated on 2022-08-15 08:49:56 CEST.
Flavor | Version | Tinstall | Tcheck | Ttotal | Status | Flags |
---|---|---|---|---|---|---|
r-devel-linux-x86_64-debian-clang | 1.0.0 | 46.31 | 268.25 | 314.56 | OK | |
r-devel-linux-x86_64-debian-gcc | 1.0.0 | 33.54 | 205.34 | 238.88 | OK | |
r-devel-linux-x86_64-fedora-clang | 1.0.0 | 398.49 | NOTE | |||
r-devel-linux-x86_64-fedora-gcc | 1.0.0 | 421.23 | NOTE | |||
r-devel-windows-x86_64 | 1.0.0 | 105.00 | 304.00 | 409.00 | OK | |
r-patched-linux-x86_64 | 1.0.0 | 37.35 | 244.29 | 281.64 | OK | |
r-release-linux-x86_64 | 1.0.0 | 35.35 | 258.05 | 293.40 | OK | |
r-release-macos-arm64 | 1.0.0 | 115.00 | NOTE | |||
r-release-macos-x86_64 | 1.0.0 | 222.00 | NOTE | |||
r-release-windows-x86_64 | 1.0.0 | 119.00 | 338.00 | 457.00 | OK | |
r-oldrel-macos-arm64 | 1.0.0 | 147.00 | NOTE | |||
r-oldrel-macos-x86_64 | 1.0.0 | 169.00 | NOTE | |||
r-oldrel-windows-ix86+x86_64 | 1.0.0 | 103.00 | 391.00 | 494.00 | NOTE |
Version: 1.0.0
Check: dependencies in R code
Result: NOTE
Namespace in Imports field not imported from: ‘RColorBrewer’
All declared Imports should be used.
Flavors: r-devel-linux-x86_64-fedora-clang, r-devel-linux-x86_64-fedora-gcc, r-release-macos-arm64, r-release-macos-x86_64, r-oldrel-macos-arm64, r-oldrel-macos-x86_64
Version: 1.0.0
Check: installed package size
Result: NOTE
installed size is 5.2Mb
sub-directories of 1Mb or more:
doc 1.9Mb
libs 2.0Mb
Flavor: r-oldrel-windows-ix86+x86_64