Last updated on 2022-08-15 08:49:56 CEST.
Flavor | Version | Tinstall | Tcheck | Ttotal | Status | Flags |
---|---|---|---|---|---|---|
r-devel-linux-x86_64-debian-clang | 2.2 | 9.34 | 84.62 | 93.96 | NOTE | |
r-devel-linux-x86_64-debian-gcc | 2.2 | 5.76 | 61.01 | 66.77 | NOTE | |
r-devel-linux-x86_64-fedora-clang | 2.2 | 117.86 | NOTE | |||
r-devel-linux-x86_64-fedora-gcc | 2.2 | 115.00 | NOTE | |||
r-devel-windows-x86_64 | 2.2 | 12.00 | 98.00 | 110.00 | NOTE | |
r-patched-linux-x86_64 | 2.2 | 6.79 | 78.49 | 85.28 | NOTE | |
r-release-linux-x86_64 | 2.2 | 8.73 | 78.17 | 86.90 | NOTE | |
r-release-macos-arm64 | 2.2 | 33.00 | NOTE | |||
r-release-macos-x86_64 | 2.2 | 58.00 | NOTE | |||
r-release-windows-x86_64 | 2.2 | 14.00 | 101.00 | 115.00 | NOTE | |
r-oldrel-macos-arm64 | 2.2 | 39.00 | NOTE | |||
r-oldrel-macos-x86_64 | 2.2 | 56.00 | NOTE | |||
r-oldrel-windows-ix86+x86_64 | 2.2 | 21.00 | 92.00 | 113.00 | NOTE |
Version: 2.2
Check: DESCRIPTION meta-information
Result: NOTE
BugReports field is not a suitable URL but contains an email address:
use the Contact field instead
Flavors: r-devel-linux-x86_64-debian-clang, r-devel-linux-x86_64-debian-gcc, r-devel-linux-x86_64-fedora-clang, r-devel-linux-x86_64-fedora-gcc, r-devel-windows-x86_64, r-patched-linux-x86_64, r-release-linux-x86_64, r-release-macos-arm64, r-release-macos-x86_64, r-release-windows-x86_64, r-oldrel-macos-arm64, r-oldrel-macos-x86_64, r-oldrel-windows-ix86+x86_64
Version: 2.2
Check: Rd files
Result: NOTE
checkRd: (-1) forecTheta-package.Rd:11: Escaped LaTeX specials: \&
Flavors: r-devel-linux-x86_64-debian-clang, r-devel-linux-x86_64-debian-gcc, r-devel-linux-x86_64-fedora-clang, r-devel-linux-x86_64-fedora-gcc, r-devel-windows-x86_64