Last updated on 2022-08-15 08:49:56 CEST.
Flavor | Version | Tinstall | Tcheck | Ttotal | Status | Flags |
---|---|---|---|---|---|---|
r-devel-linux-x86_64-debian-clang | 0.9.0 | 12.99 | 534.63 | 547.62 | OK | |
r-devel-linux-x86_64-debian-gcc | 0.9.0 | 9.83 | 426.95 | 436.78 | OK | |
r-devel-linux-x86_64-fedora-clang | 0.9.0 | 650.43 | NOTE | |||
r-devel-linux-x86_64-fedora-gcc | 0.9.0 | 656.87 | NOTE | |||
r-devel-windows-x86_64 | 0.9.0 | 17.00 | 449.00 | 466.00 | OK | |
r-patched-linux-x86_64 | 0.9.0 | 12.30 | 516.09 | 528.39 | OK | |
r-release-linux-x86_64 | 0.9.0 | 9.86 | 517.57 | 527.43 | OK | |
r-release-macos-arm64 | 0.9.0 | 205.00 | NOTE | |||
r-release-macos-x86_64 | 0.9.0 | 383.00 | NOTE | |||
r-release-windows-x86_64 | 0.9.0 | 64.00 | 448.00 | 512.00 | OK | |
r-oldrel-macos-arm64 | 0.9.0 | 512.00 | NOTE | |||
r-oldrel-macos-x86_64 | 0.9.0 | 274.00 | NOTE | |||
r-oldrel-windows-ix86+x86_64 | 0.9.0 | 26.00 | 488.00 | 514.00 | OK |
Version: 0.9.0
Check: dependencies in R code
Result: NOTE
Namespace in Imports field not imported from: ‘dtplyr’
All declared Imports should be used.
Flavors: r-devel-linux-x86_64-fedora-clang, r-devel-linux-x86_64-fedora-gcc, r-release-macos-arm64, r-release-macos-x86_64, r-oldrel-macos-arm64, r-oldrel-macos-x86_64