Last updated on 2022-08-15 08:49:56 CEST.
Flavor | Version | Tinstall | Tcheck | Ttotal | Status | Flags |
---|---|---|---|---|---|---|
r-devel-linux-x86_64-debian-clang | 0.2.0 | 11.58 | 151.90 | 163.48 | NOTE | |
r-devel-linux-x86_64-debian-gcc | 0.2.0 | 10.38 | 112.84 | 123.22 | NOTE | |
r-devel-linux-x86_64-fedora-clang | 0.2.0 | 198.06 | NOTE | |||
r-devel-linux-x86_64-fedora-gcc | 0.2.0 | 198.78 | NOTE | |||
r-devel-windows-x86_64 | 0.2.0 | 17.00 | 177.00 | 194.00 | NOTE | |
r-patched-linux-x86_64 | 0.2.0 | 14.55 | 144.61 | 159.16 | OK | |
r-release-linux-x86_64 | 0.2.0 | 10.81 | 143.89 | 154.70 | OK | |
r-release-macos-arm64 | 0.2.0 | 58.00 | NOTE | |||
r-release-macos-x86_64 | 0.2.0 | 119.00 | NOTE | |||
r-release-windows-x86_64 | 0.2.0 | 121.00 | 195.00 | 316.00 | OK | |
r-oldrel-macos-arm64 | 0.2.0 | 50.00 | NOTE | |||
r-oldrel-macos-x86_64 | 0.2.0 | 68.00 | NOTE | |||
r-oldrel-windows-ix86+x86_64 | 0.2.0 | 26.00 | 178.00 | 204.00 | OK |
Version: 0.2.0
Check: package subdirectories
Result: NOTE
Problems with news in 'NEWS.md':
Cannot extract version info from the following section titles:
Previous versions (not tagged nor released)
Flavors: r-devel-linux-x86_64-debian-clang, r-devel-linux-x86_64-debian-gcc, r-devel-linux-x86_64-fedora-clang, r-devel-linux-x86_64-fedora-gcc, r-devel-windows-x86_64
Version: 0.2.0
Check: dependencies in R code
Result: NOTE
Namespaces in Imports field not imported from:
‘blockCV’ ‘patchwork’
All declared Imports should be used.
Flavors: r-devel-linux-x86_64-fedora-clang, r-devel-linux-x86_64-fedora-gcc, r-release-macos-arm64, r-release-macos-x86_64, r-oldrel-macos-arm64, r-oldrel-macos-x86_64