Last updated on 2022-08-15 08:49:56 CEST.
Flavor | Version | Tinstall | Tcheck | Ttotal | Status | Flags |
---|---|---|---|---|---|---|
r-devel-linux-x86_64-debian-clang | 0.2.0 | 2.08 | 34.56 | 36.64 | OK | |
r-devel-linux-x86_64-debian-gcc | 0.2.0 | 2.04 | 26.69 | 28.73 | OK | |
r-devel-linux-x86_64-fedora-clang | 0.2.0 | 55.31 | OK | |||
r-devel-linux-x86_64-fedora-gcc | 0.2.0 | 52.97 | OK | |||
r-devel-windows-x86_64 | 0.2.0 | 9.00 | 63.00 | 72.00 | OK | |
r-patched-linux-x86_64 | 0.2.0 | 2.36 | 32.32 | 34.68 | OK | |
r-release-linux-x86_64 | 0.2.0 | 2.85 | 32.45 | 35.30 | OK | |
r-release-macos-arm64 | 0.2.0 | 22.00 | OK | |||
r-release-macos-x86_64 | 0.2.0 | 33.00 | OK | |||
r-release-windows-x86_64 | 0.2.0 | 10.00 | 71.00 | 81.00 | OK | |
r-oldrel-macos-arm64 | 0.2.0 | 21.00 | OK | |||
r-oldrel-macos-x86_64 | 0.2.0 | 30.00 | OK | |||
r-oldrel-windows-ix86+x86_64 | 0.2.0 | 7.00 | 48.00 | 55.00 | WARN |
Version: 0.2.0
Check: re-building of vignette outputs
Result: WARN
Error(s) in re-building vignettes:
--- re-building 'forplo_vignette.Rmd' using rmarkdown
Error: processing vignette 'forplo_vignette.Rmd' failed with diagnostics:
only `math_method = 'mathjax'` is supported with earlier version than Pandoc 2.0
--- failed re-building 'forplo_vignette.Rmd'
SUMMARY: processing the following file failed:
'forplo_vignette.Rmd'
Error: Vignette re-building failed.
Execution halted
Flavor: r-oldrel-windows-ix86+x86_64