Last updated on 2022-08-15 08:49:56 CEST.
Flavor | Version | Tinstall | Tcheck | Ttotal | Status | Flags |
---|---|---|---|---|---|---|
r-devel-linux-x86_64-debian-clang | 0.0-2 | 2.08 | 19.33 | 21.41 | OK | |
r-devel-linux-x86_64-debian-gcc | 0.0-2 | 1.84 | 15.16 | 17.00 | OK | |
r-devel-linux-x86_64-fedora-clang | 0.0-2 | 37.64 | NOTE | |||
r-devel-linux-x86_64-fedora-gcc | 0.0-2 | 36.42 | NOTE | |||
r-devel-windows-x86_64 | 0.0-2 | 12.00 | 51.00 | 63.00 | OK | |
r-patched-linux-x86_64 | 0.0-2 | 2.31 | 18.99 | 21.30 | OK | |
r-release-linux-x86_64 | 0.0-2 | 2.32 | 18.58 | 20.90 | OK | |
r-release-macos-arm64 | 0.0-2 | 16.00 | OK | |||
r-release-macos-x86_64 | 0.0-2 | 22.00 | OK | |||
r-release-windows-x86_64 | 0.0-2 | 7.00 | 49.00 | 56.00 | OK | |
r-oldrel-macos-arm64 | 0.0-2 | 18.00 | OK | |||
r-oldrel-macos-x86_64 | 0.0-2 | 25.00 | OK | |||
r-oldrel-windows-ix86+x86_64 | 0.0-2 | 8.00 | 28.00 | 36.00 | OK |
Version: 0.0-2
Check: compiled code
Result: NOTE
File ‘fpow/libs/fpow.so’:
Found no calls to: ‘R_registerRoutines’, ‘R_useDynamicSymbols’
It is good practice to register native routines and to disable symbol
search.
See ‘Writing portable packages’ in the ‘Writing R Extensions’ manual.
Flavors: r-devel-linux-x86_64-fedora-clang, r-devel-linux-x86_64-fedora-gcc