Last updated on 2022-08-15 08:49:56 CEST.
Flavor | Version | Tinstall | Tcheck | Ttotal | Status | Flags |
---|---|---|---|---|---|---|
r-devel-linux-x86_64-debian-clang | 0.4.0 | 8.49 | 78.10 | 86.59 | OK | |
r-devel-linux-x86_64-debian-gcc | 0.4.0 | 6.94 | 57.29 | 64.23 | OK | |
r-devel-linux-x86_64-fedora-clang | 0.4.0 | 113.21 | NOTE | |||
r-devel-linux-x86_64-fedora-gcc | 0.4.0 | 107.57 | NOTE | |||
r-devel-windows-x86_64 | 0.4.0 | 21.00 | 99.00 | 120.00 | OK | |
r-patched-linux-x86_64 | 0.4.0 | 7.24 | 71.74 | 78.98 | OK | |
r-release-linux-x86_64 | 0.4.0 | 7.15 | 73.56 | 80.71 | OK | |
r-release-macos-arm64 | 0.4.0 | 31.00 | NOTE | |||
r-release-macos-x86_64 | 0.4.0 | 66.00 | NOTE | |||
r-release-windows-x86_64 | 0.4.0 | 22.00 | 102.00 | 124.00 | OK | |
r-oldrel-macos-arm64 | 0.4.0 | 38.00 | NOTE | |||
r-oldrel-macos-x86_64 | 0.4.0 | 55.00 | NOTE | |||
r-oldrel-windows-ix86+x86_64 | 0.4.0 | 22.00 | 96.00 | 118.00 | OK |
Version: 0.4.0
Check: dependencies in R code
Result: NOTE
Namespaces in Imports field not imported from:
‘dplyr’ ‘fable’ ‘fabletools’ ‘feasts’ ‘ggplot2’ ‘lubridate’ ‘tibble’
‘tidyr’ ‘tsibble’ ‘tsibbledata’ ‘urca’
All declared Imports should be used.
Flavors: r-devel-linux-x86_64-fedora-clang, r-devel-linux-x86_64-fedora-gcc, r-release-macos-arm64, r-release-macos-x86_64, r-oldrel-macos-arm64, r-oldrel-macos-x86_64