Last updated on 2022-08-15 08:49:56 CEST.
Flavor | Version | Tinstall | Tcheck | Ttotal | Status | Flags |
---|---|---|---|---|---|---|
r-devel-linux-x86_64-debian-clang | 1.0.1 | 37.09 | 154.59 | 191.68 | NOTE | |
r-devel-linux-x86_64-debian-gcc | 1.0.1 | 29.55 | 113.06 | 142.61 | NOTE | |
r-devel-linux-x86_64-fedora-clang | 1.0.1 | 244.25 | NOTE | |||
r-devel-linux-x86_64-fedora-gcc | 1.0.1 | 233.38 | NOTE | |||
r-devel-windows-x86_64 | 1.0.1 | 47.00 | 212.00 | 259.00 | NOTE | |
r-patched-linux-x86_64 | 1.0.1 | 32.19 | 139.34 | 171.53 | NOTE | |
r-release-linux-x86_64 | 1.0.1 | 35.05 | 144.37 | 179.42 | NOTE | |
r-release-macos-arm64 | 1.0.1 | 65.00 | NOTE | |||
r-release-macos-x86_64 | 1.0.1 | 124.00 | NOTE | |||
r-release-windows-x86_64 | 1.0.1 | 52.00 | 220.00 | 272.00 | NOTE | |
r-oldrel-macos-arm64 | 1.0.1 | 79.00 | NOTE | |||
r-oldrel-macos-x86_64 | 1.0.1 | 137.00 | NOTE | |||
r-oldrel-windows-ix86+x86_64 | 1.0.1 | 86.00 | 240.00 | 326.00 | NOTE |
Version: 1.0.1
Check: LazyData
Result: NOTE
'LazyData' is specified without a 'data' directory
Flavors: r-devel-linux-x86_64-debian-clang, r-devel-linux-x86_64-debian-gcc, r-devel-linux-x86_64-fedora-clang, r-devel-linux-x86_64-fedora-gcc, r-devel-windows-x86_64, r-patched-linux-x86_64, r-release-linux-x86_64, r-release-macos-arm64, r-release-macos-x86_64, r-release-windows-x86_64, r-oldrel-macos-arm64, r-oldrel-macos-x86_64, r-oldrel-windows-ix86+x86_64