Last updated on 2022-08-15 08:49:56 CEST.
Flavor | Version | Tinstall | Tcheck | Ttotal | Status | Flags |
---|---|---|---|---|---|---|
r-devel-linux-x86_64-debian-clang | 0.5.100 | 11.43 | 110.21 | 121.64 | NOTE | |
r-devel-linux-x86_64-debian-gcc | 0.5.100 | 9.82 | 82.48 | 92.30 | NOTE | |
r-devel-linux-x86_64-fedora-clang | 0.5.100 | 185.87 | NOTE | |||
r-devel-linux-x86_64-fedora-gcc | 0.5.100 | 183.41 | NOTE | |||
r-devel-windows-x86_64 | 0.5.100 | 25.00 | 125.00 | 150.00 | NOTE | |
r-patched-linux-x86_64 | 0.5.100 | 13.07 | 103.87 | 116.94 | OK | |
r-release-linux-x86_64 | 0.5.100 | 11.26 | 104.96 | 116.22 | OK | |
r-release-macos-arm64 | 0.5.100 | 41.00 | OK | |||
r-release-macos-x86_64 | 0.5.100 | 64.00 | OK | |||
r-release-windows-x86_64 | 0.5.100 | 23.00 | 125.00 | 148.00 | OK | |
r-oldrel-macos-arm64 | 0.5.100 | 49.00 | OK | |||
r-oldrel-macos-x86_64 | 0.5.100 | 88.00 | OK | |||
r-oldrel-windows-ix86+x86_64 | 0.5.100 | 23.00 | 119.00 | 142.00 | OK |
Version: 0.5.100
Check: package subdirectories
Result: NOTE
Problems with news in 'NEWS.md':
No news entries found.
Flavors: r-devel-linux-x86_64-debian-clang, r-devel-linux-x86_64-debian-gcc, r-devel-linux-x86_64-fedora-clang, r-devel-linux-x86_64-fedora-gcc, r-devel-windows-x86_64