Last updated on 2022-08-15 08:49:56 CEST.
Flavor | Version | Tinstall | Tcheck | Ttotal | Status | Flags |
---|---|---|---|---|---|---|
r-devel-linux-x86_64-debian-clang | 0.2.0 | 5.08 | 48.97 | 54.05 | NOTE | |
r-devel-linux-x86_64-debian-gcc | 0.2.0 | 3.57 | 36.82 | 40.39 | NOTE | |
r-devel-linux-x86_64-fedora-clang | 0.2.0 | 77.83 | NOTE | |||
r-devel-linux-x86_64-fedora-gcc | 0.2.0 | 72.30 | NOTE | |||
r-devel-windows-x86_64 | 0.2.0 | 8.00 | 71.00 | 79.00 | NOTE | |
r-patched-linux-x86_64 | 0.2.0 | 4.26 | 45.66 | 49.92 | NOTE | |
r-release-linux-x86_64 | 0.2.0 | 5.44 | 46.77 | 52.21 | NOTE | |
r-release-macos-arm64 | 0.2.0 | 18.00 | NOTE | |||
r-release-macos-x86_64 | 0.2.0 | 45.00 | NOTE | |||
r-release-windows-x86_64 | 0.2.0 | 11.00 | 70.00 | 81.00 | NOTE | |
r-oldrel-macos-arm64 | 0.2.0 | 28.00 | NOTE | |||
r-oldrel-macos-x86_64 | 0.2.0 | 34.00 | NOTE | |||
r-oldrel-windows-ix86+x86_64 | 0.2.0 | 13.00 | 66.00 | 79.00 | NOTE |
Version: 0.2.0
Check: LazyData
Result: NOTE
'LazyData' is specified without a 'data' directory
Flavors: r-devel-linux-x86_64-debian-clang, r-devel-linux-x86_64-debian-gcc, r-devel-linux-x86_64-fedora-clang, r-devel-linux-x86_64-fedora-gcc, r-devel-windows-x86_64, r-patched-linux-x86_64, r-release-linux-x86_64, r-release-macos-arm64, r-release-macos-x86_64, r-release-windows-x86_64, r-oldrel-macos-arm64, r-oldrel-macos-x86_64, r-oldrel-windows-ix86+x86_64