Last updated on 2022-08-15 08:49:56 CEST.
Flavor | Version | Tinstall | Tcheck | Ttotal | Status | Flags |
---|---|---|---|---|---|---|
r-devel-linux-x86_64-debian-clang | 1.5.2 | 65.86 | 48.59 | 114.45 | NOTE | |
r-devel-linux-x86_64-debian-gcc | 1.5.2 | 47.20 | 41.71 | 88.91 | NOTE | |
r-devel-linux-x86_64-fedora-clang | 1.5.2 | 172.54 | NOTE | |||
r-devel-linux-x86_64-fedora-gcc | 1.5.2 | 172.16 | NOTE | |||
r-devel-windows-x86_64 | 1.5.2 | 370.00 | 92.00 | 462.00 | NOTE | |
r-patched-linux-x86_64 | 1.5.2 | 57.09 | 53.62 | 110.71 | NOTE | |
r-release-linux-x86_64 | 1.5.2 | 54.44 | 51.46 | 105.90 | NOTE | |
r-release-macos-arm64 | 1.5.2 | 84.00 | NOTE | |||
r-release-macos-x86_64 | 1.5.2 | 140.00 | NOTE | |||
r-release-windows-x86_64 | 1.5.2 | 150.00 | 89.00 | 239.00 | NOTE | |
r-oldrel-macos-arm64 | 1.5.2 | 88.00 | NOTE | |||
r-oldrel-macos-x86_64 | 1.5.2 | 153.00 | NOTE | |||
r-oldrel-windows-ix86+x86_64 | 1.5.2 | 160.00 | 94.00 | 254.00 | NOTE |
Version: 1.5.2
Check: for GNU extensions in Makefiles
Result: NOTE
GNU make is a SystemRequirements.
Flavors: r-devel-linux-x86_64-debian-clang, r-devel-linux-x86_64-debian-gcc, r-devel-linux-x86_64-fedora-clang, r-devel-linux-x86_64-fedora-gcc, r-devel-windows-x86_64, r-patched-linux-x86_64, r-release-linux-x86_64, r-release-macos-arm64, r-release-macos-x86_64, r-release-windows-x86_64, r-oldrel-macos-arm64, r-oldrel-macos-x86_64, r-oldrel-windows-ix86+x86_64