Last updated on 2022-08-15 08:49:56 CEST.
Flavor | Version | Tinstall | Tcheck | Ttotal | Status | Flags |
---|---|---|---|---|---|---|
r-devel-linux-x86_64-debian-clang | 0.9.4.4 | 23.01 | 158.37 | 181.38 | NOTE | |
r-devel-linux-x86_64-debian-gcc | 0.9.4.4 | 12.97 | 118.33 | 131.30 | NOTE | |
r-devel-linux-x86_64-fedora-clang | 0.9.4.4 | 225.50 | NOTE | |||
r-devel-linux-x86_64-fedora-gcc | 0.9.4.4 | 250.80 | NOTE | |||
r-devel-windows-x86_64 | 0.9.4.4 | 33.00 | 181.00 | 214.00 | NOTE | |
r-patched-linux-x86_64 | 0.9.4.4 | 15.96 | 153.32 | 169.28 | NOTE | |
r-release-linux-x86_64 | 0.9.4.4 | 12.99 | 151.26 | 164.25 | NOTE | |
r-release-macos-arm64 | 0.9.4.4 | 61.00 | NOTE | |||
r-release-macos-x86_64 | 0.9.4.4 | 113.00 | NOTE | |||
r-release-windows-x86_64 | 0.9.4.4 | 24.00 | 193.00 | 217.00 | NOTE | |
r-oldrel-macos-arm64 | 0.9.4.4 | 92.00 | NOTE | |||
r-oldrel-macos-x86_64 | 0.9.4.4 | 110.00 | NOTE | |||
r-oldrel-windows-ix86+x86_64 | 0.9.4.4 | 39.00 | 188.00 | 227.00 | OK |
Version: 0.9.4.4
Check: package dependencies
Result: NOTE
Packages suggested but not available for checking:
'extraTrees', 'foba', 'nodeHarvest', 'obliqueRF', 'relaxo', 'rrlda'
Flavors: r-devel-linux-x86_64-debian-clang, r-devel-linux-x86_64-debian-gcc, r-devel-linux-x86_64-fedora-clang, r-devel-linux-x86_64-fedora-gcc, r-patched-linux-x86_64, r-release-linux-x86_64
Version: 0.9.4.4
Check: package dependencies
Result: NOTE
Packages suggested but not available for checking: 'foba', 'rrlda'
Flavors: r-devel-windows-x86_64, r-release-macos-arm64, r-release-windows-x86_64
Version: 0.9.4.4
Check: package dependencies
Result: NOTE
Packages suggested but not available for checking:
'extraTrees', 'foba', 'rrlda', 'RWeka'
Flavor: r-release-macos-x86_64
Version: 0.9.4.4
Check: package dependencies
Result: NOTE
Package suggested but not available for checking: ‘foba’
Flavors: r-oldrel-macos-arm64, r-oldrel-macos-x86_64