Last updated on 2022-08-15 08:49:56 CEST.
Flavor | Version | Tinstall | Tcheck | Ttotal | Status | Flags |
---|---|---|---|---|---|---|
r-devel-linux-x86_64-debian-clang | 0.1.8 | 54.96 | 164.05 | 219.01 | OK | |
r-devel-linux-x86_64-debian-gcc | 0.1.8 | 43.88 | 120.79 | 164.67 | OK | |
r-devel-linux-x86_64-fedora-clang | 0.1.8 | 266.62 | NOTE | |||
r-devel-linux-x86_64-fedora-gcc | 0.1.8 | 269.37 | NOTE | |||
r-devel-windows-x86_64 | 0.1.8 | 45.00 | 206.00 | 251.00 | OK | |
r-patched-linux-x86_64 | 0.1.8 | 49.18 | 159.26 | 208.44 | OK | |
r-release-linux-x86_64 | 0.1.8 | 45.27 | 159.52 | 204.79 | OK | |
r-release-macos-arm64 | 0.1.8 | 69.00 | NOTE | |||
r-release-macos-x86_64 | 0.1.8 | 90.00 | NOTE | |||
r-release-windows-x86_64 | 0.1.8 | 51.00 | 206.00 | 257.00 | OK | |
r-oldrel-macos-arm64 | 0.1.8 | 58.00 | NOTE | |||
r-oldrel-macos-x86_64 | 0.1.8 | 86.00 | NOTE | |||
r-oldrel-windows-ix86+x86_64 | 0.1.8 | 102.00 | 258.00 | 360.00 | OK |
Version: 0.1.8
Check: dependencies in R code
Result: NOTE
Namespace in Imports field not imported from: ‘qpdf’
All declared Imports should be used.
Flavors: r-devel-linux-x86_64-fedora-clang, r-devel-linux-x86_64-fedora-gcc, r-release-macos-arm64, r-release-macos-x86_64, r-oldrel-macos-arm64, r-oldrel-macos-x86_64
Version: 0.1.8
Check: installed package size
Result: NOTE
installed size is 14.9Mb
sub-directories of 1Mb or more:
libs 14.2Mb
Flavors: r-release-macos-arm64, r-release-macos-x86_64, r-oldrel-macos-arm64, r-oldrel-macos-x86_64