Last updated on 2022-08-15 08:49:56 CEST.
Flavor | Version | Tinstall | Tcheck | Ttotal | Status | Flags |
---|---|---|---|---|---|---|
r-devel-linux-x86_64-debian-clang | 6.1 | 34.16 | 299.30 | 333.46 | NOTE | |
r-devel-linux-x86_64-debian-gcc | 6.1 | 25.30 | 217.71 | 243.01 | NOTE | |
r-devel-linux-x86_64-fedora-clang | 6.1 | 400.08 | NOTE | |||
r-devel-linux-x86_64-fedora-gcc | 6.1 | 410.28 | NOTE | |||
r-devel-windows-x86_64 | 6.1 | 60.00 | 386.00 | 446.00 | NOTE | |
r-patched-linux-x86_64 | 6.1 | 38.98 | 281.36 | 320.34 | OK | |
r-release-linux-x86_64 | 6.1 | 30.15 | 278.91 | 309.06 | OK | |
r-release-macos-arm64 | 6.1 | 107.00 | OK | |||
r-release-macos-x86_64 | 6.1 | 177.00 | NOTE | |||
r-release-windows-x86_64 | 6.1 | 74.00 | 379.00 | 453.00 | OK | |
r-oldrel-macos-arm64 | 6.1 | 108.00 | OK | |||
r-oldrel-macos-x86_64 | 6.1 | 155.00 | OK | |||
r-oldrel-windows-ix86+x86_64 | 6.1 | 66.00 | 350.00 | 416.00 | OK |
Version: 6.1
Check: Rd files
Result: NOTE
checkRd: (-1) mean.fts.Rd:37: Escaped LaTeX specials: \&
checkRd: (-1) median.fts.Rd:41: Escaped LaTeX specials: \&
checkRd: (-1) plot.fm.Rd:38: Escaped LaTeX specials: \&
checkRd: (-1) residuals.fm.Rd:21: Escaped LaTeX specials: \&
checkRd: (-1) sd.fts.Rd:42: Escaped LaTeX specials: \&
checkRd: (-1) var.fts.Rd:38: Escaped LaTeX specials: \&
Flavors: r-devel-linux-x86_64-debian-clang, r-devel-linux-x86_64-debian-gcc, r-devel-linux-x86_64-fedora-clang, r-devel-linux-x86_64-fedora-gcc, r-devel-windows-x86_64
Version: 6.1
Check: package dependencies
Result: NOTE
Package suggested but not available for checking: ‘R2jags’
Flavor: r-release-macos-x86_64