Last updated on 2022-08-15 08:49:56 CEST.
Flavor | Version | Tinstall | Tcheck | Ttotal | Status | Flags |
---|---|---|---|---|---|---|
r-devel-linux-x86_64-debian-clang | 1.0.0 | 3.33 | 29.78 | 33.11 | NOTE | |
r-devel-linux-x86_64-debian-gcc | 1.0.0 | 2.42 | 23.04 | 25.46 | NOTE | |
r-devel-linux-x86_64-fedora-clang | 1.0.0 | 51.36 | NOTE | |||
r-devel-linux-x86_64-fedora-gcc | 1.0.0 | 48.69 | NOTE | |||
r-devel-windows-x86_64 | 1.0.0 | 5.00 | 62.00 | 67.00 | NOTE | |
r-patched-linux-x86_64 | 1.0.0 | 3.05 | 28.11 | 31.16 | NOTE | |
r-release-linux-x86_64 | 1.0.0 | 3.26 | 28.84 | 32.10 | NOTE | |
r-release-macos-arm64 | 1.0.0 | 17.00 | NOTE | |||
r-release-macos-x86_64 | 1.0.0 | 25.00 | NOTE | |||
r-release-windows-x86_64 | 1.0.0 | 10.00 | 58.00 | 68.00 | NOTE | |
r-oldrel-macos-arm64 | 1.0.0 | 19.00 | NOTE | |||
r-oldrel-macos-x86_64 | 1.0.0 | 32.00 | NOTE | |||
r-oldrel-windows-ix86+x86_64 | 1.0.0 | 6.00 | 51.00 | 57.00 | NOTE |
Version: 1.0.0
Check: Rd files
Result: NOTE
checkRd: (-1) Spec_compare_localize_freq.Rd:49: Escaped LaTeX specials: \&
checkRd: (-1) Spec_compare_localize_freq.Rd:52: Escaped LaTeX specials: \&
Flavors: r-devel-linux-x86_64-debian-clang, r-devel-linux-x86_64-debian-gcc, r-devel-linux-x86_64-fedora-clang, r-devel-linux-x86_64-fedora-gcc, r-devel-windows-x86_64
Version: 1.0.0
Check: LazyData
Result: NOTE
'LazyData' is specified without a 'data' directory
Flavors: r-devel-linux-x86_64-debian-clang, r-devel-linux-x86_64-debian-gcc, r-devel-linux-x86_64-fedora-clang, r-devel-linux-x86_64-fedora-gcc, r-devel-windows-x86_64, r-patched-linux-x86_64, r-release-linux-x86_64, r-release-macos-arm64, r-release-macos-x86_64, r-release-windows-x86_64, r-oldrel-macos-arm64, r-oldrel-macos-x86_64, r-oldrel-windows-ix86+x86_64