Last updated on 2022-08-15 08:49:56 CEST.
Flavor | Version | Tinstall | Tcheck | Ttotal | Status | Flags |
---|---|---|---|---|---|---|
r-devel-linux-x86_64-debian-clang | 1.2 | 9.52 | 85.70 | 95.22 | OK | |
r-devel-linux-x86_64-debian-gcc | 1.2 | 8.31 | 64.20 | 72.51 | OK | |
r-devel-linux-x86_64-fedora-clang | 1.2 | 122.64 | NOTE | |||
r-devel-linux-x86_64-fedora-gcc | 1.2 | 121.06 | NOTE | |||
r-devel-windows-x86_64 | 1.2 | 13.00 | 111.00 | 124.00 | OK | |
r-patched-linux-x86_64 | 1.2 | 9.11 | 80.27 | 89.38 | OK | |
r-release-linux-x86_64 | 1.2 | 8.67 | 81.57 | 90.24 | OK | |
r-release-macos-arm64 | 1.2 | 38.00 | NOTE | |||
r-release-macos-x86_64 | 1.2 | 61.00 | NOTE | |||
r-release-windows-x86_64 | 1.2 | 15.00 | 112.00 | 127.00 | OK | |
r-oldrel-macos-arm64 | 1.2 | 35.00 | NOTE | |||
r-oldrel-macos-x86_64 | 1.2 | 52.00 | NOTE | |||
r-oldrel-windows-ix86+x86_64 | 1.2 | 22.00 | 101.00 | 123.00 | OK |
Version: 1.2
Check: data for non-ASCII characters
Result: NOTE
Note: found 120 marked UTF-8 strings
Flavors: r-devel-linux-x86_64-fedora-clang, r-devel-linux-x86_64-fedora-gcc, r-release-macos-arm64, r-release-macos-x86_64, r-oldrel-macos-arm64, r-oldrel-macos-x86_64