Last updated on 2022-08-15 08:49:56 CEST.
Flavor | Version | Tinstall | Tcheck | Ttotal | Status | Flags |
---|---|---|---|---|---|---|
r-devel-linux-x86_64-debian-clang | 0.2.1 | 8.26 | 100.95 | 109.21 | NOTE | |
r-devel-linux-x86_64-debian-gcc | 0.2.1 | 7.60 | 75.97 | 83.57 | NOTE | |
r-devel-linux-x86_64-fedora-clang | 0.2.1 | 137.10 | NOTE | |||
r-devel-linux-x86_64-fedora-gcc | 0.2.1 | 144.75 | NOTE | |||
r-devel-windows-x86_64 | 0.2.1 | 33.00 | 142.00 | 175.00 | OK | |
r-patched-linux-x86_64 | 0.2.1 | 6.64 | 94.23 | 100.87 | OK | |
r-release-linux-x86_64 | 0.2.1 | 7.77 | 97.24 | 105.01 | OK | |
r-release-macos-arm64 | 0.2.1 | 45.00 | OK | |||
r-release-macos-x86_64 | 0.2.1 | 59.00 | OK | |||
r-release-windows-x86_64 | 0.2.1 | 27.00 | 135.00 | 162.00 | OK | |
r-oldrel-macos-arm64 | 0.2.1 | 39.00 | OK | |||
r-oldrel-macos-x86_64 | 0.2.1 | 56.00 | OK | |||
r-oldrel-windows-ix86+x86_64 | 0.2.1 | 21.00 | 122.00 | 143.00 | OK |
Version: 0.2.1
Check: HTML version of manual
Result: NOTE
Found the following HTML validation problems:
fd_fric.html:105:6: Warning: <a> illegal characters found in URI
Flavors: r-devel-linux-x86_64-debian-clang, r-devel-linux-x86_64-debian-gcc, r-devel-linux-x86_64-fedora-clang, r-devel-linux-x86_64-fedora-gcc
Version: 0.2.1
Check: Rd cross-references
Result: NOTE
Undeclared package ‘future’ in Rd xrefs
Flavor: r-devel-linux-x86_64-fedora-clang