Last updated on 2022-08-15 08:49:56 CEST.
Flavor | Version | Tinstall | Tcheck | Ttotal | Status | Flags |
---|---|---|---|---|---|---|
r-devel-linux-x86_64-debian-clang | 0.1.0 | 6.55 | 72.84 | 79.39 | OK | |
r-devel-linux-x86_64-debian-gcc | 0.1.0 | 4.64 | 53.43 | 58.07 | OK | |
r-devel-linux-x86_64-fedora-clang | 0.1.0 | 101.23 | NOTE | |||
r-devel-linux-x86_64-fedora-gcc | 0.1.0 | 98.56 | NOTE | |||
r-devel-windows-x86_64 | 0.1.0 | 29.00 | 102.00 | 131.00 | OK | |
r-patched-linux-x86_64 | 0.1.0 | 5.63 | 67.68 | 73.31 | OK | |
r-release-linux-x86_64 | 0.1.0 | 3.70 | 67.35 | 71.05 | OK | |
r-release-macos-arm64 | 0.1.0 | 28.00 | NOTE | |||
r-release-macos-x86_64 | 0.1.0 | 57.00 | NOTE | |||
r-release-windows-x86_64 | 0.1.0 | 24.00 | 99.00 | 123.00 | OK | |
r-oldrel-macos-arm64 | 0.1.0 | 34.00 | NOTE | |||
r-oldrel-macos-x86_64 | 0.1.0 | 43.00 | NOTE | |||
r-oldrel-windows-ix86+x86_64 | 0.1.0 | 14.00 | 95.00 | 109.00 | OK |
Version: 0.1.0
Check: dependencies in R code
Result: NOTE
Namespace in Imports field not imported from: ‘tibble’
All declared Imports should be used.
Flavors: r-devel-linux-x86_64-fedora-clang, r-devel-linux-x86_64-fedora-gcc, r-release-macos-arm64, r-release-macos-x86_64, r-oldrel-macos-arm64, r-oldrel-macos-x86_64