Last updated on 2022-08-15 08:49:56 CEST.
Flavor | Version | Tinstall | Tcheck | Ttotal | Status | Flags |
---|---|---|---|---|---|---|
r-devel-linux-x86_64-debian-clang | 1.0.1 | 40.40 | 114.80 | 155.20 | NOTE | |
r-devel-linux-x86_64-debian-gcc | 1.0.1 | 29.41 | 87.78 | 117.19 | NOTE | |
r-devel-linux-x86_64-fedora-clang | 1.0.1 | 199.80 | NOTE | |||
r-devel-linux-x86_64-fedora-gcc | 1.0.1 | 194.71 | NOTE | |||
r-devel-windows-x86_64 | 1.0.1 | 34.00 | 160.00 | 194.00 | NOTE | |
r-patched-linux-x86_64 | 1.0.1 | 35.15 | 111.08 | 146.23 | NOTE | |
r-release-linux-x86_64 | 1.0.1 | 37.63 | 110.22 | 147.85 | NOTE | |
r-release-macos-arm64 | 1.0.1 | 171.00 | NOTE | |||
r-release-macos-x86_64 | 1.0.1 | 195.00 | NOTE | |||
r-release-windows-x86_64 | 1.0.1 | 35.00 | 162.00 | 197.00 | NOTE | |
r-oldrel-macos-arm64 | 1.0.1 | 77.00 | NOTE | |||
r-oldrel-macos-x86_64 | 1.0.1 | 101.00 | NOTE | |||
r-oldrel-windows-ix86+x86_64 | 1.0.1 | 87.00 | 209.00 | 296.00 | NOTE |
Version: 1.0.1
Check: LazyData
Result: NOTE
'LazyData' is specified without a 'data' directory
Flavors: r-devel-linux-x86_64-debian-clang, r-devel-linux-x86_64-debian-gcc, r-devel-linux-x86_64-fedora-clang, r-devel-linux-x86_64-fedora-gcc, r-devel-windows-x86_64, r-patched-linux-x86_64, r-release-linux-x86_64, r-release-macos-arm64, r-release-macos-x86_64, r-release-windows-x86_64, r-oldrel-macos-arm64, r-oldrel-macos-x86_64, r-oldrel-windows-ix86+x86_64
Version: 1.0.1
Check: installed package size
Result: NOTE
installed size is 5.3Mb
sub-directories of 1Mb or more:
libs 5.1Mb
Flavors: r-release-macos-arm64, r-release-macos-x86_64, r-oldrel-macos-arm64, r-oldrel-macos-x86_64