Last updated on 2022-08-15 08:49:56 CEST.
Flavor | Version | Tinstall | Tcheck | Ttotal | Status | Flags |
---|---|---|---|---|---|---|
r-devel-linux-x86_64-debian-clang | 0.4 | 3.95 | 42.65 | 46.60 | NOTE | |
r-devel-linux-x86_64-debian-gcc | 0.4 | 2.45 | 32.05 | 34.50 | NOTE | |
r-devel-linux-x86_64-fedora-clang | 0.4 | 66.94 | NOTE | |||
r-devel-linux-x86_64-fedora-gcc | 0.4 | 64.61 | NOTE | |||
r-devel-windows-x86_64 | 0.4 | 17.00 | 92.00 | 109.00 | NOTE | |
r-patched-linux-x86_64 | 0.4 | 4.06 | 40.07 | 44.13 | NOTE | |
r-release-linux-x86_64 | 0.4 | 3.53 | 40.61 | 44.14 | NOTE | |
r-release-macos-arm64 | 0.4 | 25.00 | NOTE | |||
r-release-macos-x86_64 | 0.4 | 32.00 | NOTE | |||
r-release-windows-x86_64 | 0.4 | 14.00 | 90.00 | 104.00 | NOTE | |
r-oldrel-macos-arm64 | 0.4 | 27.00 | NOTE | |||
r-oldrel-macos-x86_64 | 0.4 | 42.00 | NOTE | |||
r-oldrel-windows-ix86+x86_64 | 0.4 | 8.00 | 64.00 | 72.00 | NOTE |
Version: 0.4
Check: LazyData
Result: NOTE
'LazyData' is specified without a 'data' directory
Flavors: r-devel-linux-x86_64-debian-clang, r-devel-linux-x86_64-debian-gcc, r-devel-linux-x86_64-fedora-clang, r-devel-linux-x86_64-fedora-gcc, r-devel-windows-x86_64, r-patched-linux-x86_64, r-release-linux-x86_64, r-release-macos-arm64, r-release-macos-x86_64, r-release-windows-x86_64, r-oldrel-macos-arm64, r-oldrel-macos-x86_64, r-oldrel-windows-ix86+x86_64
Version: 0.4
Check: for non-standard things in the check directory
Result: NOTE
Found the following files/directories:
'completeTrial_byArm_eventPriorRateC3=0.001_eventPriorRateT1=0_eventPriorRateT2=0_eventPriorWt=0.5.RData'
'completeTrial_byArm_eventPriorRateC3=0.06_eventPriorRateT1=0.03_eventPriorRateT2=0.03_eventPriorWt=0.2.RData'
'completeTrial_byArm_eventPriorRateC3=0.06_eventPriorRateT1=0.03_eventPriorRateT2=0.03_eventPriorWt=0.4.RData'
'completeTrial_byArm_eventPriorRateC3=0.06_eventPriorRateT1=0.03_eventPriorRateT2=0.03_eventPriorWt=0.6.RData'
'completeTrial_pooled_eventPriorRate=0.001_eventPriorWt=0.5.RData'
'completeTrial_pooled_eventPriorRate=0.06_eventPriorWt=0.2.RData'
'completeTrial_pooled_eventPriorRate=0.06_eventPriorWt=0.4.RData'
'completeTrial_pooled_eventPriorRate=0.06_eventPriorWt=0.6.RData'
'rcdf_byArm_arm=T1_eventPriorRateC3=0.06_eventPriorRateT1=0.03_eventPriorRateT2=0.03.pdf'
'rcdf_pooled_eventPriorRate=0.06.pdf'
Flavors: r-devel-linux-x86_64-debian-clang, r-devel-linux-x86_64-debian-gcc, r-devel-linux-x86_64-fedora-clang, r-devel-linux-x86_64-fedora-gcc, r-patched-linux-x86_64, r-release-linux-x86_64