Last updated on 2022-08-15 08:49:57 CEST.
Flavor | Version | Tinstall | Tcheck | Ttotal | Status | Flags |
---|---|---|---|---|---|---|
r-devel-linux-x86_64-debian-clang | 0.2.0 | 9.86 | 96.85 | 106.71 | OK | |
r-devel-linux-x86_64-debian-gcc | 0.2.0 | 9.67 | 72.96 | 82.63 | OK | |
r-devel-linux-x86_64-fedora-clang | 0.2.0 | 137.80 | NOTE | |||
r-devel-linux-x86_64-fedora-gcc | 0.2.0 | 135.44 | NOTE | |||
r-devel-windows-x86_64 | 0.2.0 | 18.00 | 121.00 | 139.00 | OK | |
r-patched-linux-x86_64 | 0.2.0 | 8.01 | 91.27 | 99.28 | OK | |
r-release-linux-x86_64 | 0.2.0 | 10.89 | 92.31 | 103.20 | OK | |
r-release-macos-arm64 | 0.2.0 | 58.00 | NOTE | |||
r-release-macos-x86_64 | 0.2.0 | 65.00 | NOTE | |||
r-release-windows-x86_64 | 0.2.0 | 18.00 | 119.00 | 137.00 | OK | |
r-oldrel-macos-arm64 | 0.2.0 | 43.00 | NOTE | |||
r-oldrel-macos-x86_64 | 0.2.0 | 55.00 | NOTE | |||
r-oldrel-windows-ix86+x86_64 | 0.2.0 | 24.00 | 113.00 | 137.00 | OK |
Version: 0.2.0
Check: dependencies in R code
Result: NOTE
Namespaces in Imports field not imported from:
‘MASS’ ‘MCMCpack’ ‘ggplot2’ ‘moments’
All declared Imports should be used.
Flavors: r-devel-linux-x86_64-fedora-clang, r-devel-linux-x86_64-fedora-gcc, r-release-macos-arm64, r-release-macos-x86_64, r-oldrel-macos-arm64, r-oldrel-macos-x86_64