Last updated on 2022-08-15 08:49:57 CEST.
Flavor | Version | Tinstall | Tcheck | Ttotal | Status | Flags |
---|---|---|---|---|---|---|
r-devel-linux-x86_64-debian-clang | 0.8-15 | 22.08 | 213.30 | 235.38 | OK | |
r-devel-linux-x86_64-debian-gcc | 0.8-15 | 17.55 | 160.85 | 178.40 | OK | |
r-devel-linux-x86_64-fedora-clang | 0.8-15 | 311.82 | OK | |||
r-devel-linux-x86_64-fedora-gcc | 0.8-15 | 326.19 | OK | |||
r-devel-windows-x86_64 | 0.8-15 | 102.00 | 327.00 | 429.00 | OK | |
r-patched-linux-x86_64 | 0.8-15 | 24.55 | 203.82 | 228.37 | OK | |
r-release-linux-x86_64 | 0.8-15 | 17.60 | 203.80 | 221.40 | OK | |
r-release-macos-arm64 | 0.8-15 | 104.00 | NOTE | |||
r-release-macos-x86_64 | 0.8-15 | 124.00 | OK | |||
r-release-windows-x86_64 | 0.8-15 | 118.00 | 322.00 | 440.00 | OK | |
r-oldrel-macos-arm64 | 0.8-15 | 148.00 | OK | |||
r-oldrel-macos-x86_64 | 0.8-15 | 142.00 | OK | |||
r-oldrel-windows-ix86+x86_64 | 0.8-15 | 43.00 | 340.00 | 383.00 | OK |
Version: 0.8-15
Check: package dependencies
Result: NOTE
Packages suggested but not available for checking: 'graph', 'mutoss'
Flavor: r-release-macos-arm64