Last updated on 2022-08-15 08:49:58 CEST.
Flavor | Version | Tinstall | Tcheck | Ttotal | Status | Flags |
---|---|---|---|---|---|---|
r-devel-linux-x86_64-debian-clang | 1.0-9 | 10.63 | 61.37 | 72.00 | NOTE | |
r-devel-linux-x86_64-debian-gcc | 1.0-9 | 9.32 | 47.17 | 56.49 | NOTE | |
r-devel-linux-x86_64-fedora-clang | 1.0-9 | 99.38 | NOTE | |||
r-devel-linux-x86_64-fedora-gcc | 1.0-9 | 102.72 | NOTE | |||
r-devel-windows-x86_64 | 1.0-9 | 151.00 | 89.00 | 240.00 | OK | |
r-patched-linux-x86_64 | 1.0-9 | 14.69 | 57.10 | 71.79 | OK | |
r-release-linux-x86_64 | 1.0-9 | 9.36 | 57.03 | 66.39 | OK | |
r-release-macos-arm64 | 1.0-9 | 25.00 | OK | |||
r-release-macos-x86_64 | 1.0-9 | 41.00 | OK | |||
r-release-windows-x86_64 | 1.0-9 | 188.00 | 83.00 | 271.00 | OK | |
r-oldrel-macos-arm64 | 1.0-9 | 33.00 | OK | |||
r-oldrel-macos-x86_64 | 1.0-9 | 40.00 | OK | |||
r-oldrel-windows-ix86+x86_64 | 1.0-9 | 21.00 | 75.00 | 96.00 | OK |
Version: 1.0-9
Check: HTML version of manual
Result: NOTE
Found the following HTML validation problems:
gedit.html:139:6: Warning: trimming empty <p>
gedit.html:139:1: Warning: trimming empty <li>
Flavors: r-devel-linux-x86_64-debian-clang, r-devel-linux-x86_64-debian-gcc, r-devel-linux-x86_64-fedora-clang, r-devel-linux-x86_64-fedora-gcc