Last updated on 2022-08-15 08:49:56 CEST.
Flavor | Version | Tinstall | Tcheck | Ttotal | Status | Flags |
---|---|---|---|---|---|---|
r-devel-linux-x86_64-debian-clang | 0.5.1 | 2.14 | 20.12 | 22.26 | OK | |
r-devel-linux-x86_64-debian-gcc | 0.5.1 | 2.08 | 15.88 | 17.96 | OK | |
r-devel-linux-x86_64-fedora-clang | 0.5.1 | 38.31 | NOTE | |||
r-devel-linux-x86_64-fedora-gcc | 0.5.1 | 37.25 | NOTE | |||
r-devel-windows-x86_64 | 0.5.1 | 11.00 | 43.00 | 54.00 | OK | |
r-patched-linux-x86_64 | 0.5.1 | 2.16 | 19.66 | 21.82 | OK | |
r-release-linux-x86_64 | 0.5.1 | 2.39 | 19.98 | 22.37 | OK | |
r-release-macos-arm64 | 0.5.1 | 16.00 | OK | |||
r-release-macos-x86_64 | 0.5.1 | 20.00 | OK | |||
r-release-windows-x86_64 | 0.5.1 | 7.00 | 43.00 | 50.00 | OK | |
r-oldrel-macos-arm64 | 0.5.1 | 18.00 | OK | |||
r-oldrel-macos-x86_64 | 0.5.1 | 29.00 | OK | |||
r-oldrel-windows-ix86+x86_64 | 0.5.1 | 8.00 | 29.00 | 37.00 | OK |
Version: 0.5.1
Check: compiled code
Result: NOTE
File ‘gafit/libs/gafit.so’:
Found no calls to: ‘R_registerRoutines’, ‘R_useDynamicSymbols’
It is good practice to register native routines and to disable symbol
search.
See ‘Writing portable packages’ in the ‘Writing R Extensions’ manual.
Flavors: r-devel-linux-x86_64-fedora-clang, r-devel-linux-x86_64-fedora-gcc