Last updated on 2022-08-15 08:49:56 CEST.
Flavor | Version | Tinstall | Tcheck | Ttotal | Status | Flags |
---|---|---|---|---|---|---|
r-devel-linux-x86_64-debian-clang | 0.0.4 | 6.06 | 98.44 | 104.50 | OK | |
r-devel-linux-x86_64-debian-gcc | 0.0.4 | 4.85 | 73.32 | 78.17 | OK | |
r-devel-linux-x86_64-fedora-clang | 0.0.4 | 129.52 | NOTE | |||
r-devel-linux-x86_64-fedora-gcc | 0.0.4 | 127.44 | NOTE | |||
r-devel-windows-x86_64 | 0.0.4 | 21.00 | 121.00 | 142.00 | OK | |
r-patched-linux-x86_64 | 0.0.4 | 4.82 | 92.06 | 96.88 | OK | |
r-release-linux-x86_64 | 0.0.4 | 6.24 | 91.89 | 98.13 | OK | |
r-release-macos-arm64 | 0.0.4 | 31.00 | NOTE | |||
r-release-macos-x86_64 | 0.0.4 | 64.00 | NOTE | |||
r-release-windows-x86_64 | 0.0.4 | 24.00 | 118.00 | 142.00 | OK | |
r-oldrel-macos-arm64 | 0.0.4 | 31.00 | NOTE | |||
r-oldrel-macos-x86_64 | 0.0.4 | 55.00 | NOTE | |||
r-oldrel-windows-ix86+x86_64 | 0.0.4 | 16.00 | 118.00 | 134.00 | OK |
Version: 0.0.4
Check: dependencies in R code
Result: NOTE
Namespace in Imports field not imported from: ‘maptools’
All declared Imports should be used.
Flavors: r-devel-linux-x86_64-fedora-clang, r-devel-linux-x86_64-fedora-gcc, r-release-macos-arm64, r-release-macos-x86_64, r-oldrel-macos-arm64, r-oldrel-macos-x86_64