Last updated on 2022-08-15 08:49:56 CEST.
Flavor | Version | Tinstall | Tcheck | Ttotal | Status | Flags |
---|---|---|---|---|---|---|
r-devel-linux-x86_64-debian-clang | 0.2.5 | 7.60 | 68.88 | 76.48 | OK | |
r-devel-linux-x86_64-debian-gcc | 0.2.5 | 6.15 | 50.40 | 56.55 | OK | |
r-devel-linux-x86_64-fedora-clang | 0.2.5 | 98.89 | NOTE | |||
r-devel-linux-x86_64-fedora-gcc | 0.2.5 | 105.07 | NOTE | |||
r-devel-windows-x86_64 | 0.2.5 | 15.00 | 88.00 | 103.00 | OK | |
r-patched-linux-x86_64 | 0.2.5 | 7.24 | 63.91 | 71.15 | OK | |
r-release-linux-x86_64 | 0.2.5 | 4.63 | 63.61 | 68.24 | OK | |
r-release-macos-arm64 | 0.2.5 | 29.00 | NOTE | |||
r-release-macos-x86_64 | 0.2.5 | 47.00 | NOTE | |||
r-release-windows-x86_64 | 0.2.5 | 16.00 | 92.00 | 108.00 | OK | |
r-oldrel-macos-arm64 | 0.2.5 | 43.00 | NOTE | |||
r-oldrel-macos-x86_64 | 0.2.5 | 39.00 | NOTE | |||
r-oldrel-windows-ix86+x86_64 | 0.2.5 | 21.00 | 85.00 | 106.00 | OK |
Version: 0.2.5
Check: dependencies in R code
Result: NOTE
Namespaces in Imports field not imported from:
‘gargle’ ‘getProxy’ ‘rappsflyer’ ‘rfacebookstat’ ‘rgoogleads’
‘rmytarget’ ‘rvkstat’ ‘ryandexdirect’ ‘rym’ ‘tidyr’
All declared Imports should be used.
Flavors: r-devel-linux-x86_64-fedora-clang, r-devel-linux-x86_64-fedora-gcc, r-release-macos-arm64, r-release-macos-x86_64, r-oldrel-macos-arm64, r-oldrel-macos-x86_64