Last updated on 2022-08-15 08:49:56 CEST.
Flavor | Version | Tinstall | Tcheck | Ttotal | Status | Flags |
---|---|---|---|---|---|---|
r-devel-linux-x86_64-debian-clang | 3.5.1 | 14.95 | 118.28 | 133.23 | NOTE | |
r-devel-linux-x86_64-debian-gcc | 3.5.1 | 12.87 | 86.16 | 99.03 | NOTE | |
r-devel-linux-x86_64-fedora-clang | 3.5.1 | 165.14 | NOTE | |||
r-devel-linux-x86_64-fedora-gcc | 3.5.1 | 164.04 | NOTE | |||
r-devel-windows-x86_64 | 3.5.1 | 81.00 | 132.00 | 213.00 | NOTE | |
r-patched-linux-x86_64 | 3.5.1 | 17.94 | 111.77 | 129.71 | NOTE | |
r-release-linux-x86_64 | 3.5.1 | 16.36 | 110.75 | 127.11 | NOTE | |
r-release-macos-arm64 | 3.5.1 | 44.00 | NOTE | |||
r-release-macos-x86_64 | 3.5.1 | 58.00 | NOTE | |||
r-release-windows-x86_64 | 3.5.1 | 95.00 | 130.00 | 225.00 | NOTE | |
r-oldrel-macos-arm64 | 3.5.1 | 49.00 | NOTE | |||
r-oldrel-macos-x86_64 | 3.5.1 | 65.00 | NOTE | |||
r-oldrel-windows-ix86+x86_64 | 3.5.1 | 29.00 | 132.00 | 161.00 | NOTE |
Version: 3.5.1
Check: LazyData
Result: NOTE
'LazyData' is specified without a 'data' directory
Flavors: r-devel-linux-x86_64-debian-clang, r-devel-linux-x86_64-debian-gcc, r-devel-linux-x86_64-fedora-clang, r-devel-linux-x86_64-fedora-gcc, r-devel-windows-x86_64, r-patched-linux-x86_64, r-release-linux-x86_64, r-release-macos-arm64, r-release-macos-x86_64, r-release-windows-x86_64, r-oldrel-macos-arm64, r-oldrel-macos-x86_64, r-oldrel-windows-ix86+x86_64