Last updated on 2022-08-15 08:49:56 CEST.
Flavor | Version | Tinstall | Tcheck | Ttotal | Status | Flags |
---|---|---|---|---|---|---|
r-devel-linux-x86_64-debian-clang | 6.0-3 | 55.97 | 255.95 | 311.92 | NOTE | |
r-devel-linux-x86_64-debian-gcc | 6.0-3 | 40.43 | 182.59 | 223.02 | NOTE | |
r-devel-linux-x86_64-fedora-clang | 6.0-3 | 378.76 | NOTE | |||
r-devel-linux-x86_64-fedora-gcc | 6.0-3 | 406.25 | NOTE | |||
r-devel-windows-x86_64 | 6.0-3 | 274.00 | 238.00 | 512.00 | OK | |
r-patched-linux-x86_64 | 6.0-3 | 54.05 | 238.47 | 292.52 | OK | |
r-release-linux-x86_64 | 6.0-3 | 51.84 | 238.47 | 290.31 | OK | |
r-release-macos-arm64 | 6.0-3 | 69.00 | OK | |||
r-release-macos-x86_64 | 6.0-3 | 114.00 | OK | |||
r-release-windows-x86_64 | 6.0-3 | 333.00 | 225.00 | 558.00 | OK | |
r-oldrel-macos-arm64 | 6.0-3 | 81.00 | OK | |||
r-oldrel-macos-x86_64 | 6.0-3 | 133.00 | OK | |||
r-oldrel-windows-ix86+x86_64 | 6.0-3 | 98.00 | 268.00 | 366.00 | OK |
Version: 6.0-3
Check: HTML version of manual
Result: NOTE
Found the following math rendering problems:
DEL.Rd:47: Undefined control sequence: \matrix in ...=0}^{y} \left( \matrix{ y \cr j } \ri...
Flavors: r-devel-linux-x86_64-debian-clang, r-devel-linux-x86_64-debian-gcc, r-devel-linux-x86_64-fedora-clang, r-devel-linux-x86_64-fedora-gcc
Version: 6.0-3
Check: Rd cross-references
Result: NOTE
Undeclared package ‘gamlss’ in Rd xrefs
Flavor: r-devel-linux-x86_64-fedora-clang