Last updated on 2022-08-15 08:49:56 CEST.
Flavor | Version | Tinstall | Tcheck | Ttotal | Status | Flags |
---|---|---|---|---|---|---|
r-devel-linux-x86_64-debian-clang | 1.0-2 | 155.54 | 55.70 | 211.24 | OK | |
r-devel-linux-x86_64-debian-gcc | 1.0-2 | 119.90 | 41.79 | 161.69 | OK | |
r-devel-linux-x86_64-fedora-clang | 1.0-2 | 318.14 | NOTE | |||
r-devel-linux-x86_64-fedora-gcc | 1.0-2 | 321.34 | NOTE | |||
r-devel-windows-x86_64 | 1.0-2 | 137.00 | 108.00 | 245.00 | OK | |
r-patched-linux-x86_64 | 1.0-2 | 135.36 | 54.05 | 189.41 | OK | |
r-release-linux-x86_64 | 1.0-2 | 134.40 | 53.65 | 188.05 | OK | |
r-release-macos-arm64 | 1.0-2 | 65.00 | NOTE | |||
r-release-macos-x86_64 | 1.0-2 | 87.00 | NOTE | |||
r-release-windows-x86_64 | 1.0-2 | 129.00 | 113.00 | 242.00 | OK | |
r-oldrel-macos-arm64 | 1.0-2 | 58.00 | NOTE | |||
r-oldrel-macos-x86_64 | 1.0-2 | 90.00 | NOTE | |||
r-oldrel-windows-ix86+x86_64 | 1.0-2 | 377.00 | 101.00 | 478.00 | OK |
Version: 1.0-2
Check: dependencies in R code
Result: NOTE
Namespace in Imports field not imported from: ‘methods’
All declared Imports should be used.
Flavors: r-devel-linux-x86_64-fedora-clang, r-devel-linux-x86_64-fedora-gcc, r-release-macos-arm64, r-release-macos-x86_64, r-oldrel-macos-arm64, r-oldrel-macos-x86_64
Version: 1.0-2
Check: installed package size
Result: NOTE
installed size is 8.1Mb
sub-directories of 1Mb or more:
doc 2.3Mb
libs 5.6Mb
Flavors: r-release-macos-arm64, r-release-macos-x86_64, r-oldrel-macos-arm64, r-oldrel-macos-x86_64