Last updated on 2022-08-15 08:49:56 CEST.
Flavor | Version | Tinstall | Tcheck | Ttotal | Status | Flags |
---|---|---|---|---|---|---|
r-devel-linux-x86_64-debian-clang | 0.10.7 | 74.52 | 142.28 | 216.80 | NOTE | |
r-devel-linux-x86_64-debian-gcc | 0.10.7 | 60.19 | 106.82 | 167.01 | NOTE | |
r-devel-linux-x86_64-fedora-clang | 0.10.7 | 270.45 | NOTE | |||
r-devel-linux-x86_64-fedora-gcc | 0.10.7 | 260.92 | NOTE | |||
r-devel-windows-x86_64 | 0.10.7 | 327.00 | 183.00 | 510.00 | NOTE | |
r-patched-linux-x86_64 | 0.10.7 | 62.03 | 126.74 | 188.77 | NOTE | |
r-release-linux-x86_64 | 0.10.7 | 45.58 | 124.97 | 170.55 | NOTE | |
r-release-macos-arm64 | 0.10.7 | 66.00 | NOTE | |||
r-release-macos-x86_64 | 0.10.7 | 117.00 | NOTE | |||
r-release-windows-x86_64 | 0.10.7 | 298.00 | 171.00 | 469.00 | NOTE | |
r-oldrel-macos-arm64 | 0.10.7 | 77.00 | NOTE | |||
r-oldrel-macos-x86_64 | 0.10.7 | 118.00 | NOTE | |||
r-oldrel-windows-ix86+x86_64 | 0.10.7 | 114.00 | 151.00 | 265.00 | NOTE |
Version: 0.10.7
Check: LazyData
Result: NOTE
'LazyData' is specified without a 'data' directory
Flavors: r-devel-linux-x86_64-debian-clang, r-devel-linux-x86_64-debian-gcc, r-devel-linux-x86_64-fedora-clang, r-devel-linux-x86_64-fedora-gcc, r-devel-windows-x86_64, r-patched-linux-x86_64, r-release-linux-x86_64, r-release-macos-arm64, r-release-macos-x86_64, r-release-windows-x86_64, r-oldrel-macos-arm64, r-oldrel-macos-x86_64, r-oldrel-windows-ix86+x86_64