Last updated on 2022-08-15 08:49:56 CEST.
Flavor | Version | Tinstall | Tcheck | Ttotal | Status | Flags |
---|---|---|---|---|---|---|
r-devel-linux-x86_64-debian-clang | 1.2.3-6 | 28.26 | 239.17 | 267.43 | NOTE | |
r-devel-linux-x86_64-debian-gcc | 1.2.3-6 | 20.37 | 170.30 | 190.67 | NOTE | |
r-devel-linux-x86_64-fedora-clang | 1.2.3-6 | 338.86 | NOTE | |||
r-devel-linux-x86_64-fedora-gcc | 1.2.3-6 | 337.00 | NOTE | |||
r-devel-windows-x86_64 | 1.2.3-6 | 78.00 | 322.00 | 400.00 | NOTE | |
r-patched-linux-x86_64 | 1.2.3-6 | 27.34 | 219.54 | 246.88 | OK | |
r-release-linux-x86_64 | 1.2.3-6 | 22.64 | 222.29 | 244.93 | OK | |
r-release-macos-arm64 | 1.2.3-6 | 106.00 | NOTE | |||
r-release-macos-x86_64 | 1.2.3-6 | 136.00 | NOTE | |||
r-release-windows-x86_64 | 1.2.3-6 | 78.00 | 319.00 | 397.00 | NOTE | |
r-oldrel-macos-arm64 | 1.2.3-6 | 100.00 | NOTE | |||
r-oldrel-macos-x86_64 | 1.2.3-6 | 137.00 | NOTE | |||
r-oldrel-windows-ix86+x86_64 | 1.2.3-6 | 66.00 | 314.00 | 380.00 | NOTE |
Version: 1.2.3-6
Check: Rd files
Result: NOTE
checkRd: (-1) mia.Rd:39: Escaped LaTeX specials: \#
Flavors: r-devel-linux-x86_64-debian-clang, r-devel-linux-x86_64-debian-gcc, r-devel-linux-x86_64-fedora-clang, r-devel-linux-x86_64-fedora-gcc, r-devel-windows-x86_64
Version: 1.2.3-6
Check: installed package size
Result: NOTE
installed size is 5.5Mb
sub-directories of 1Mb or more:
doc 4.2Mb
Flavors: r-devel-linux-x86_64-fedora-clang, r-devel-windows-x86_64, r-release-macos-arm64, r-release-macos-x86_64, r-release-windows-x86_64, r-oldrel-macos-arm64, r-oldrel-macos-x86_64, r-oldrel-windows-ix86+x86_64