Last updated on 2022-08-15 08:49:56 CEST.
Flavor | Version | Tinstall | Tcheck | Ttotal | Status | Flags |
---|---|---|---|---|---|---|
r-devel-linux-x86_64-debian-clang | 0.5.5 | 456.12 | 189.26 | 645.38 | NOTE | |
r-devel-linux-x86_64-debian-gcc | 0.5.5 | 427.16 | 160.10 | 587.26 | NOTE | |
r-devel-linux-x86_64-fedora-clang | 0.5.5 | 785.19 | NOTE | |||
r-devel-linux-x86_64-fedora-gcc | 0.5.5 | 967.70 | NOTE | |||
r-devel-windows-x86_64 | 0.5.5 | 981.00 | 240.00 | 1221.00 | NOTE | |
r-patched-linux-x86_64 | 0.5.5 | 355.52 | 201.41 | 556.93 | NOTE | |
r-release-linux-x86_64 | 0.5.5 | 336.33 | 203.52 | 539.85 | NOTE | |
r-release-macos-arm64 | 0.5.5 | 208.00 | NOTE | |||
r-release-macos-x86_64 | 0.5.5 | 311.00 | NOTE | |||
r-release-windows-x86_64 | 0.5.5 | 751.00 | 241.00 | 992.00 | NOTE | |
r-oldrel-macos-arm64 | 0.5.5 | 219.00 | NOTE | |||
r-oldrel-macos-x86_64 | 0.5.5 | 293.00 | NOTE | |||
r-oldrel-windows-ix86+x86_64 | 0.5.5 | 520.00 | 204.00 | 724.00 | NOTE |
Version: 0.5.5
Check: for GNU extensions in Makefiles
Result: NOTE
GNU make is a SystemRequirements.
Flavors: r-devel-linux-x86_64-debian-clang, r-devel-linux-x86_64-debian-gcc, r-devel-linux-x86_64-fedora-clang, r-devel-linux-x86_64-fedora-gcc, r-devel-windows-x86_64, r-patched-linux-x86_64, r-release-linux-x86_64, r-release-macos-arm64, r-release-macos-x86_64, r-release-windows-x86_64, r-oldrel-macos-arm64, r-oldrel-macos-x86_64, r-oldrel-windows-ix86+x86_64
Version: 0.5.5
Check: installed package size
Result: NOTE
installed size is 5.4Mb
sub-directories of 1Mb or more:
libs 4.9Mb
Flavors: r-devel-linux-x86_64-fedora-clang, r-release-macos-arm64, r-release-macos-x86_64, r-oldrel-macos-arm64, r-oldrel-macos-x86_64