Last updated on 2022-08-15 08:49:56 CEST.
Flavor | Version | Tinstall | Tcheck | Ttotal | Status | Flags |
---|---|---|---|---|---|---|
r-devel-linux-x86_64-debian-clang | 1.5.7 | 750.50 | 120.14 | 870.64 | OK | |
r-devel-linux-x86_64-debian-gcc | 1.5.7 | 592.97 | 103.55 | 696.52 | OK | |
r-devel-linux-x86_64-fedora-clang | 1.5.7 | 1203.02 | NOTE | |||
r-devel-linux-x86_64-fedora-gcc | 1.5.7 | 1167.27 | OK | |||
r-devel-windows-x86_64 | 1.5.7 | 519.00 | 202.00 | 721.00 | NOTE | |
r-patched-linux-x86_64 | 1.5.7 | 606.04 | 130.47 | 736.51 | OK | |
r-release-linux-x86_64 | 1.5.7 | 621.06 | 129.96 | 751.02 | OK | |
r-release-macos-arm64 | 1.5.7 | 277.00 | NOTE | |||
r-release-macos-x86_64 | 1.5.7 | 338.00 | NOTE | |||
r-release-windows-x86_64 | 1.5.7 | 488.00 | 206.00 | 694.00 | NOTE | |
r-oldrel-macos-arm64 | 1.5.7 | 294.00 | NOTE | |||
r-oldrel-macos-x86_64 | 1.5.7 | 527.00 | NOTE | |||
r-oldrel-windows-ix86+x86_64 | 1.5.7 | 1611.00 | 241.00 | 1852.00 | NOTE |
Version: 1.5.7
Check: installed package size
Result: NOTE
installed size is 5.3Mb
sub-directories of 1Mb or more:
extdata 1.6Mb
libs 1.9Mb
Flavors: r-devel-linux-x86_64-fedora-clang, r-devel-windows-x86_64, r-release-macos-arm64, r-release-macos-x86_64, r-release-windows-x86_64, r-oldrel-macos-arm64, r-oldrel-macos-x86_64, r-oldrel-windows-ix86+x86_64
Version: 1.5.7
Check: Rd cross-references
Result: NOTE
Undeclared package ‘RcppEigen’ in Rd xrefs
Flavor: r-devel-linux-x86_64-fedora-clang