Last updated on 2022-08-15 08:49:56 CEST.
Flavor | Version | Tinstall | Tcheck | Ttotal | Status | Flags |
---|---|---|---|---|---|---|
r-devel-linux-x86_64-debian-clang | 2.3.3 | 5.10 | 30.05 | 35.15 | NOTE | |
r-devel-linux-x86_64-debian-gcc | 2.3.3 | 3.60 | 22.93 | 26.53 | NOTE | |
r-devel-linux-x86_64-fedora-clang | 2.3.3 | 52.76 | NOTE | |||
r-devel-linux-x86_64-fedora-gcc | 2.3.3 | 52.01 | NOTE | |||
r-devel-windows-x86_64 | 2.3.3 | 19.00 | 58.00 | 77.00 | NOTE | |
r-patched-linux-x86_64 | 2.3.3 | 3.93 | 28.90 | 32.83 | OK | |
r-release-linux-x86_64 | 2.3.3 | 3.89 | 29.05 | 32.94 | OK | |
r-release-macos-arm64 | 2.3.3 | 22.00 | OK | |||
r-release-macos-x86_64 | 2.3.3 | 27.00 | OK | |||
r-release-windows-x86_64 | 2.3.3 | 15.00 | 56.00 | 71.00 | OK | |
r-oldrel-macos-arm64 | 2.3.3 | 26.00 | OK | |||
r-oldrel-macos-x86_64 | 2.3.3 | 35.00 | OK | |||
r-oldrel-windows-ix86+x86_64 | 2.3.3 | 15.00 | 62.00 | 77.00 | OK |
Version: 2.3.3
Check: Rd files
Result: NOTE
checkRd: (-1) fitgbd.Rd:29: Escaped LaTeX specials: \&
checkRd: (-1) fitgld.Rd:30: Escaped LaTeX specials: \&
checkRd: (-1) gb.Rd:28: Escaped LaTeX specials: \&
checkRd: (-1) gbd.Rd:37: Escaped LaTeX specials: \&
checkRd: (-1) gld.Rd:36: Escaped LaTeX specials: \&
Flavors: r-devel-linux-x86_64-debian-clang, r-devel-linux-x86_64-debian-gcc, r-devel-linux-x86_64-fedora-clang, r-devel-linux-x86_64-fedora-gcc, r-devel-windows-x86_64