Last updated on 2022-08-15 08:49:56 CEST.
Flavor | Version | Tinstall | Tcheck | Ttotal | Status | Flags |
---|---|---|---|---|---|---|
r-devel-linux-x86_64-debian-clang | 0.2.4 | 47.56 | 31.86 | 79.42 | OK | |
r-devel-linux-x86_64-debian-gcc | 0.2.4 | 40.66 | 24.44 | 65.10 | OK | |
r-devel-linux-x86_64-fedora-clang | 0.2.4 | 132.09 | OK | |||
r-devel-linux-x86_64-fedora-gcc | 0.2.4 | 115.32 | OK | |||
r-devel-windows-x86_64 | 0.2.4 | 68.00 | 91.00 | 159.00 | OK | |
r-patched-linux-x86_64 | 0.2.4 | 41.54 | 30.39 | 71.93 | OK | |
r-release-linux-x86_64 | 0.2.4 | 39.58 | 30.23 | 69.81 | OK | |
r-release-macos-arm64 | 0.2.4 | 31.00 | OK | |||
r-release-macos-x86_64 | 0.2.4 | 50.00 | OK | |||
r-release-windows-x86_64 | 0.2.4 | 53.00 | 92.00 | 145.00 | OK | |
r-oldrel-macos-arm64 | 0.2.4 | 36.00 | NOTE | |||
r-oldrel-macos-x86_64 | 0.2.4 | 66.00 | OK | |||
r-oldrel-windows-ix86+x86_64 | 0.2.4 | 128.00 | 95.00 | 223.00 | NOTE |
Version: 0.2.4
Check: installed package size
Result: NOTE
installed size is 5.2Mb
sub-directories of 1Mb or more:
libs 5.1Mb
Flavors: r-oldrel-macos-arm64, r-oldrel-windows-ix86+x86_64