Last updated on 2022-08-15 08:49:56 CEST.
Flavor | Version | Tinstall | Tcheck | Ttotal | Status | Flags |
---|---|---|---|---|---|---|
r-devel-linux-x86_64-debian-clang | 0.2.0 | 3.25 | 48.86 | 52.11 | OK | |
r-devel-linux-x86_64-debian-gcc | 0.2.0 | 2.87 | 38.68 | 41.55 | OK | |
r-devel-linux-x86_64-fedora-clang | 0.2.0 | 75.53 | NOTE | |||
r-devel-linux-x86_64-fedora-gcc | 0.2.0 | 109.65 | NOTE | |||
r-devel-windows-x86_64 | 0.2.0 | 7.00 | 328.00 | 335.00 | OK | |
r-patched-linux-x86_64 | 0.2.0 | 3.88 | 50.07 | 53.95 | OK | |
r-release-linux-x86_64 | 0.2.0 | 3.63 | 49.52 | 53.15 | OK | |
r-release-macos-arm64 | 0.2.0 | 227.00 | NOTE | |||
r-release-macos-x86_64 | 0.2.0 | 266.00 | NOTE | |||
r-release-windows-x86_64 | 0.2.0 | 22.00 | 334.00 | 356.00 | OK | |
r-oldrel-macos-arm64 | 0.2.0 | 226.00 | NOTE | |||
r-oldrel-macos-x86_64 | 0.2.0 | 239.00 | NOTE | |||
r-oldrel-windows-ix86+x86_64 | 0.2.0 | 16.00 | 311.00 | 327.00 | OK |
Version: 0.2.0
Check: dependencies in R code
Result: NOTE
Namespaces in Imports field not imported from:
‘knitr’ ‘lifecycle’
All declared Imports should be used.
Flavors: r-devel-linux-x86_64-fedora-clang, r-devel-linux-x86_64-fedora-gcc, r-release-macos-arm64, r-release-macos-x86_64, r-oldrel-macos-arm64, r-oldrel-macos-x86_64