Last updated on 2022-08-15 08:49:56 CEST.
Flavor | Version | Tinstall | Tcheck | Ttotal | Status | Flags |
---|---|---|---|---|---|---|
r-devel-linux-x86_64-debian-clang | 1.3.4 | 45.71 | 77.19 | 122.90 | NOTE | |
r-devel-linux-x86_64-debian-gcc | 1.3.4 | 27.73 | 57.88 | 85.61 | NOTE | |
r-devel-linux-x86_64-fedora-clang | 1.3.4 | 166.15 | NOTE | |||
r-devel-linux-x86_64-fedora-gcc | 1.3.4 | 143.85 | NOTE | |||
r-devel-windows-x86_64 | 1.3.4 | 44.00 | 137.00 | 181.00 | NOTE | |
r-patched-linux-x86_64 | 1.3.4 | 26.67 | 71.84 | 98.51 | OK | |
r-release-linux-x86_64 | 1.3.4 | 21.23 | 73.47 | 94.70 | OK | |
r-release-macos-arm64 | 1.3.4 | 46.00 | OK | |||
r-release-macos-x86_64 | 1.3.4 | 62.00 | OK | |||
r-release-windows-x86_64 | 1.3.4 | 45.00 | 135.00 | 180.00 | OK | |
r-oldrel-macos-arm64 | 1.3.4 | 40.00 | OK | |||
r-oldrel-macos-x86_64 | 1.3.4 | 60.00 | OK | |||
r-oldrel-windows-ix86+x86_64 | 1.3.4 | 69.00 | 142.00 | 211.00 | OK |
Version: 1.3.4
Check: package subdirectories
Result: NOTE
Problems with news in 'NEWS.md':
No news entries found.
Flavors: r-devel-linux-x86_64-debian-clang, r-devel-linux-x86_64-debian-gcc, r-devel-linux-x86_64-fedora-clang, r-devel-linux-x86_64-fedora-gcc, r-devel-windows-x86_64