Last updated on 2022-08-15 08:49:56 CEST.
Flavor | Version | Tinstall | Tcheck | Ttotal | Status | Flags |
---|---|---|---|---|---|---|
r-devel-linux-x86_64-debian-clang | 1.1.1 | 5.57 | 339.23 | 344.80 | OK | |
r-devel-linux-x86_64-debian-gcc | 1.1.1 | 3.35 | 232.75 | 236.10 | OK | |
r-devel-linux-x86_64-fedora-clang | 1.1.1 | 382.52 | NOTE | |||
r-devel-linux-x86_64-fedora-gcc | 1.1.1 | 385.56 | NOTE | |||
r-devel-windows-x86_64 | 1.1.1 | 37.00 | 368.00 | 405.00 | OK | |
r-patched-linux-x86_64 | 1.1.1 | 5.86 | 299.28 | 305.14 | OK | |
r-release-linux-x86_64 | 1.1.1 | 4.60 | 301.78 | 306.38 | OK | |
r-release-macos-arm64 | 1.1.1 | 86.00 | NOTE | |||
r-release-macos-x86_64 | 1.1.1 | 124.00 | NOTE | |||
r-release-windows-x86_64 | 1.1.1 | 42.00 | 356.00 | 398.00 | OK | |
r-oldrel-macos-arm64 | 1.1.1 | 96.00 | NOTE | |||
r-oldrel-macos-x86_64 | 1.1.1 | 130.00 | NOTE | |||
r-oldrel-windows-ix86+x86_64 | 1.1.1 | 14.00 | 385.00 | 399.00 | OK |
Version: 1.1.1
Check: dependencies in R code
Result: NOTE
Namespace in Imports field not imported from: ‘rootSolve’
All declared Imports should be used.
Flavors: r-devel-linux-x86_64-fedora-clang, r-devel-linux-x86_64-fedora-gcc, r-release-macos-arm64, r-release-macos-x86_64, r-oldrel-macos-arm64, r-oldrel-macos-x86_64