Last updated on 2022-08-15 08:49:56 CEST.
Flavor | Version | Tinstall | Tcheck | Ttotal | Status | Flags |
---|---|---|---|---|---|---|
r-devel-linux-x86_64-debian-clang | 1.2.1 | 4.17 | 27.12 | 31.29 | OK | |
r-devel-linux-x86_64-debian-gcc | 1.2.1 | 2.94 | 21.46 | 24.40 | OK | |
r-devel-linux-x86_64-fedora-clang | 1.2.1 | 49.32 | NOTE | |||
r-devel-linux-x86_64-fedora-gcc | 1.2.1 | 45.91 | NOTE | |||
r-devel-windows-x86_64 | 1.2.1 | 7.00 | 55.00 | 62.00 | OK | |
r-patched-linux-x86_64 | 1.2.1 | 3.93 | 25.86 | 29.79 | OK | |
r-release-linux-x86_64 | 1.2.1 | 3.68 | 26.41 | 30.09 | OK | |
r-release-macos-arm64 | 1.2.1 | 16.00 | OK | |||
r-release-macos-x86_64 | 1.2.1 | 28.00 | OK | |||
r-release-windows-x86_64 | 1.2.1 | 11.00 | 55.00 | 66.00 | OK | |
r-oldrel-macos-arm64 | 1.2.1 | 22.00 | OK | |||
r-oldrel-macos-x86_64 | 1.2.1 | 32.00 | OK | |||
r-oldrel-windows-ix86+x86_64 | 1.2.1 | 9.00 | 49.00 | 58.00 | OK |
Version: 1.2.1
Check: compiled code
Result: NOTE
File ‘gelnet/libs/gelnet.so’:
Found no calls to: ‘R_registerRoutines’, ‘R_useDynamicSymbols’
It is good practice to register native routines and to disable symbol
search.
See ‘Writing portable packages’ in the ‘Writing R Extensions’ manual.
Flavors: r-devel-linux-x86_64-fedora-clang, r-devel-linux-x86_64-fedora-gcc