Last updated on 2022-08-15 08:49:56 CEST.
Flavor | Version | Tinstall | Tcheck | Ttotal | Status | Flags |
---|---|---|---|---|---|---|
r-devel-linux-x86_64-debian-clang | 0.6.0 | 4.51 | 59.01 | 63.52 | NOTE | |
r-devel-linux-x86_64-debian-gcc | 0.6.0 | 3.83 | 44.56 | 48.39 | NOTE | |
r-devel-linux-x86_64-fedora-clang | 0.6.0 | 88.46 | NOTE | |||
r-devel-linux-x86_64-fedora-gcc | 0.6.0 | 85.00 | NOTE | |||
r-devel-windows-x86_64 | 0.6.0 | 16.00 | 85.00 | 101.00 | NOTE | |
r-patched-linux-x86_64 | 0.6.0 | 4.81 | 55.02 | 59.83 | NOTE | |
r-release-linux-x86_64 | 0.6.0 | 5.52 | 55.84 | 61.36 | NOTE | |
r-release-macos-arm64 | 0.6.0 | 25.00 | NOTE | |||
r-release-macos-x86_64 | 0.6.0 | 48.00 | NOTE | |||
r-release-windows-x86_64 | 0.6.0 | 15.00 | 84.00 | 99.00 | NOTE | |
r-oldrel-macos-arm64 | 0.6.0 | 28.00 | NOTE | |||
r-oldrel-macos-x86_64 | 0.6.0 | 34.00 | NOTE | |||
r-oldrel-windows-ix86+x86_64 | 0.6.0 | 14.00 | 77.00 | 91.00 | NOTE |
Version: 0.6.0
Check: package dependencies
Result: NOTE
Package suggested but not available for checking: 'genderdata'
Flavors: r-devel-linux-x86_64-debian-clang, r-devel-linux-x86_64-debian-gcc, r-devel-linux-x86_64-fedora-clang, r-devel-linux-x86_64-fedora-gcc, r-devel-windows-x86_64, r-patched-linux-x86_64, r-release-linux-x86_64, r-release-macos-arm64, r-release-macos-x86_64, r-release-windows-x86_64, r-oldrel-macos-arm64, r-oldrel-macos-x86_64, r-oldrel-windows-ix86+x86_64