Last updated on 2022-08-15 08:49:56 CEST.
Flavor | Version | Tinstall | Tcheck | Ttotal | Status | Flags |
---|---|---|---|---|---|---|
r-devel-linux-x86_64-debian-clang | 0.9 | 2.62 | 37.31 | 39.93 | OK | |
r-devel-linux-x86_64-debian-gcc | 0.9 | 1.93 | 28.70 | 30.63 | OK | |
r-devel-linux-x86_64-fedora-clang | 0.9 | 58.01 | NOTE | |||
r-devel-linux-x86_64-fedora-gcc | 0.9 | 55.78 | NOTE | |||
r-devel-windows-x86_64 | 0.9 | 41.00 | 566.00 | 607.00 | OK | |
r-patched-linux-x86_64 | 0.9 | 1.60 | 36.53 | 38.13 | OK | |
r-release-linux-x86_64 | 0.9 | 1.46 | 35.57 | 37.03 | OK | |
r-release-macos-arm64 | 0.9 | 29.00 | NOTE | |||
r-release-macos-x86_64 | 0.9 | 39.00 | NOTE | |||
r-release-windows-x86_64 | 0.9 | 32.00 | 615.00 | 647.00 | OK | |
r-oldrel-macos-arm64 | 0.9 | 29.00 | NOTE | |||
r-oldrel-macos-x86_64 | 0.9 | 38.00 | NOTE | |||
r-oldrel-windows-ix86+x86_64 | 0.9 | 6.00 | 56.00 | 62.00 | OK |
Version: 0.9
Check: dependencies in R code
Result: NOTE
Namespaces in Imports field not imported from:
‘BiocManager’ ‘R.utils’ ‘markdown’
All declared Imports should be used.
Flavors: r-devel-linux-x86_64-fedora-clang, r-devel-linux-x86_64-fedora-gcc, r-release-macos-arm64, r-release-macos-x86_64, r-oldrel-macos-arm64, r-oldrel-macos-x86_64