Last updated on 2022-08-15 08:49:56 CEST.
Flavor | Version | Tinstall | Tcheck | Ttotal | Status | Flags |
---|---|---|---|---|---|---|
r-devel-linux-x86_64-debian-clang | 1.0.1 | 3.04 | 31.68 | 34.72 | NOTE | |
r-devel-linux-x86_64-debian-gcc | 1.0.1 | 2.71 | 24.09 | 26.80 | NOTE | |
r-devel-linux-x86_64-fedora-clang | 1.0.1 | 52.85 | NOTE | |||
r-devel-linux-x86_64-fedora-gcc | 1.0.1 | 49.84 | NOTE | |||
r-devel-windows-x86_64 | 1.0.1 | 13.00 | 63.00 | 76.00 | NOTE | |
r-patched-linux-x86_64 | 1.0.1 | 3.19 | 29.14 | 32.33 | NOTE | |
r-release-linux-x86_64 | 1.0.1 | 2.54 | 29.59 | 32.13 | NOTE | |
r-release-macos-arm64 | 1.0.1 | 22.00 | NOTE | |||
r-release-macos-x86_64 | 1.0.1 | 26.00 | NOTE | |||
r-release-windows-x86_64 | 1.0.1 | 8.00 | 54.00 | 62.00 | NOTE | |
r-oldrel-macos-arm64 | 1.0.1 | 22.00 | NOTE | |||
r-oldrel-macos-x86_64 | 1.0.1 | 38.00 | NOTE | |||
r-oldrel-windows-ix86+x86_64 | 1.0.1 | 8.00 | 45.00 | 53.00 | NOTE |
Version: 1.0.1
Check: DESCRIPTION meta-information
Result: NOTE
Malformed Description field: should contain one or more complete sentences.
Flavors: r-devel-linux-x86_64-debian-clang, r-devel-linux-x86_64-debian-gcc, r-devel-linux-x86_64-fedora-clang, r-devel-linux-x86_64-fedora-gcc, r-devel-windows-x86_64, r-patched-linux-x86_64, r-release-linux-x86_64, r-release-macos-arm64, r-release-macos-x86_64, r-release-windows-x86_64, r-oldrel-macos-arm64, r-oldrel-macos-x86_64, r-oldrel-windows-ix86+x86_64
Version: 1.0.1
Check: compiled code
Result: NOTE
File ‘genepi/libs/genepi.so’:
Found no calls to: ‘R_registerRoutines’, ‘R_useDynamicSymbols’
It is good practice to register native routines and to disable symbol
search.
See ‘Writing portable packages’ in the ‘Writing R Extensions’ manual.
Flavors: r-devel-linux-x86_64-fedora-clang, r-devel-linux-x86_64-fedora-gcc