Last updated on 2022-08-15 08:49:56 CEST.
Flavor | Version | Tinstall | Tcheck | Ttotal | Status | Flags |
---|---|---|---|---|---|---|
r-devel-linux-x86_64-debian-clang | 1.0.0 | 2.40 | 29.66 | 32.06 | NOTE | |
r-devel-linux-x86_64-debian-gcc | 1.0.0 | 1.95 | 23.34 | 25.29 | NOTE | |
r-devel-linux-x86_64-fedora-clang | 1.0.0 | 52.48 | NOTE | |||
r-devel-linux-x86_64-fedora-gcc | 1.0.0 | 49.64 | NOTE | |||
r-devel-windows-x86_64 | 1.0.0 | 30.00 | 65.00 | 95.00 | NOTE | |
r-patched-linux-x86_64 | 1.0.0 | 2.70 | 26.61 | 29.31 | OK | |
r-release-linux-x86_64 | 1.0.0 | 2.16 | 26.58 | 28.74 | OK | |
r-release-macos-arm64 | 1.0.0 | 17.00 | OK | |||
r-release-macos-x86_64 | 1.0.0 | 32.00 | OK | |||
r-release-windows-x86_64 | 1.0.0 | 28.00 | 57.00 | 85.00 | OK | |
r-oldrel-macos-arm64 | 1.0.0 | 22.00 | OK | |||
r-oldrel-macos-x86_64 | 1.0.0 | 30.00 | OK | |||
r-oldrel-windows-ix86+x86_64 | 1.0.0 | 7.00 | 47.00 | 54.00 | OK |
Version: 1.0.0
Check: package subdirectories
Result: NOTE
Problems with news in 'NEWS.md':
No news entries found.
Flavors: r-devel-linux-x86_64-debian-clang, r-devel-linux-x86_64-debian-gcc, r-devel-linux-x86_64-fedora-clang, r-devel-linux-x86_64-fedora-gcc, r-devel-windows-x86_64