Last updated on 2022-08-15 08:49:56 CEST.
Flavor | Version | Tinstall | Tcheck | Ttotal | Status | Flags |
---|---|---|---|---|---|---|
r-devel-linux-x86_64-debian-clang | 0.4.0 | 15.02 | 125.43 | 140.45 | OK | |
r-devel-linux-x86_64-debian-gcc | 0.4.0 | 9.20 | 93.25 | 102.45 | OK | |
r-devel-linux-x86_64-fedora-clang | 0.4.0 | 171.59 | NOTE | |||
r-devel-linux-x86_64-fedora-gcc | 0.4.0 | 199.45 | NOTE | |||
r-devel-windows-x86_64 | 0.4.0 | 28.00 | 148.00 | 176.00 | OK | |
r-patched-linux-x86_64 | 0.4.0 | 10.55 | 115.60 | 126.15 | OK | |
r-release-linux-x86_64 | 0.4.0 | 13.20 | 120.50 | 133.70 | OK | |
r-release-macos-arm64 | 0.4.0 | 37.00 | NOTE | |||
r-release-macos-x86_64 | 0.4.0 | 69.00 | NOTE | |||
r-release-windows-x86_64 | 0.4.0 | 25.00 | 146.00 | 171.00 | OK | |
r-oldrel-macos-arm64 | 0.4.0 | 42.00 | NOTE | |||
r-oldrel-macos-x86_64 | 0.4.0 | 71.00 | NOTE | |||
r-oldrel-windows-ix86+x86_64 | 0.4.0 | 32.00 | 148.00 | 180.00 | OK |
Version: 0.4.0
Check: dependencies in R code
Result: NOTE
Namespaces in Imports field not imported from:
‘GGEBiplots’ ‘calibrate’ ‘graphics’ ‘matrixStats’ ‘prettydoc’
‘reshape2’
All declared Imports should be used.
Flavors: r-devel-linux-x86_64-fedora-clang, r-devel-linux-x86_64-fedora-gcc, r-release-macos-arm64, r-release-macos-x86_64, r-oldrel-macos-arm64, r-oldrel-macos-x86_64